{"id":8427,"date":"2022-11-23T18:57:16","date_gmt":"2022-11-23T16:57:16","guid":{"rendered":"https:\/\/www.rcrarquitectes.es\/drawings\/rcr-el-somni-de-la-vila-2\/"},"modified":"2022-11-23T19:53:41","modified_gmt":"2022-11-23T17:53:41","slug":"rcr-el-somni-de-la-vila-2","status":"publish","type":"drawings","link":"https:\/\/www.rcrarquitectes.es\/es\/drawings\/rcr-el-somni-de-la-vila-2\/","title":{"rendered":"RCR. El somni de La Vila"},"content":{"rendered":"<p><strong>RCR. El somni de La Vila<br \/>\n<\/strong>[RCR. El sue\u00f1o de La Vila]<br \/>\nExposici\u00f3n<br \/>\nArts Santa M\u00f2nica. Claustro Max Cahner. Barcelona, Espa\u00f1a<br \/>\n02.07. &#8211; 13.10.2019<\/p>\n<p>La exposici\u00f3n re\u00fane dos muestras precedentes en torno al proyecto de La Vila: \u00a0\u201cSue\u00f1o y naturaleza\u201d, en el marco de la Bienal de Arquitectura de Venecia 2018, y \u201cGeograf\u00eda de sue\u00f1os\u201d, en la Toto Gallery MA en Tokio .<\/p>\n<p>&nbsp;<\/p>\n","protected":false},"featured_media":0,"template":"","drawing_type":[141],"class_list":["post-8427","drawings","type-drawings","status-publish","hentry","drawing_type-exposiciones"],"acf":[],"yoast_head":"<!-- This site is optimized with the Yoast SEO plugin v27.5 - https:\/\/yoast.com\/product\/yoast-seo-wordpress\/ -->\n<title>RCR. El somni de La Vila - RCR Arquitectes<\/title>\n<meta name=\"robots\" content=\"index, follow, max-snippet:-1, max-image-preview:large, max-video-preview:-1\" \/>\n<link rel=\"canonical\" href=\"https:\/\/www.rcrarquitectes.es\/es\/drawings\/rcr-el-somni-de-la-vila-2\/\" \/>\n<meta property=\"og:locale\" content=\"es_ES\" \/>\n<meta property=\"og:type\" content=\"article\" \/>\n<meta property=\"og:title\" content=\"RCR. El somni de La Vila - RCR Arquitectes\" \/>\n<meta property=\"og:description\" content=\"RCR. El somni de La Vila [RCR. El sue\u00f1o de La Vila] Exposici\u00f3n Arts Santa M\u00f2nica. Claustro Max Cahner. Barcelona, Espa\u00f1a 02.07. &#8211; 13.10.2019 La exposici\u00f3n re\u00fane dos muestras precedentes en torno al proyecto de La Vila: \u00a0\u201cSue\u00f1o y naturaleza\u201d, en el marco de la Bienal de Arquitectura de Venecia 2018, y \u201cGeograf\u00eda de sue\u00f1os\u201d, [&hellip;]\" \/>\n<meta property=\"og:url\" content=\"https:\/\/www.rcrarquitectes.es\/es\/drawings\/rcr-el-somni-de-la-vila-2\/\" \/>\n<meta property=\"og:site_name\" content=\"RCR Arquitectes\" \/>\n<meta property=\"article:modified_time\" content=\"2022-11-23T17:53:41+00:00\" \/>\n<meta name=\"twitter:card\" content=\"summary_large_image\" \/>\n<script type=\"application\/ld+json\" class=\"yoast-schema-graph\">{\"@context\":\"https:\\\/\\\/schema.org\",\"@graph\":[{\"@type\":\"WebPage\",\"@id\":\"https:\\\/\\\/www.rcrarquitectes.es\\\/es\\\/drawings\\\/rcr-el-somni-de-la-vila-2\\\/\",\"url\":\"https:\\\/\\\/www.rcrarquitectes.es\\\/es\\\/drawings\\\/rcr-el-somni-de-la-vila-2\\\/\",\"name\":\"RCR. El somni de La Vila - RCR Arquitectes\",\"isPartOf\":{\"@id\":\"https:\\\/\\\/www.rcrarquitectes.es\\\/#website\"},\"datePublished\":\"2022-11-23T16:57:16+00:00\",\"dateModified\":\"2022-11-23T17:53:41+00:00\",\"inLanguage\":\"es\",\"potentialAction\":[{\"@type\":\"ReadAction\",\"target\":[\"https:\\\/\\\/www.rcrarquitectes.es\\\/es\\\/drawings\\\/rcr-el-somni-de-la-vila-2\\\/\"]}]},{\"@type\":\"WebSite\",\"@id\":\"https:\\\/\\\/www.rcrarquitectes.es\\\/#website\",\"url\":\"https:\\\/\\\/www.rcrarquitectes.es\\\/\",\"name\":\"RCR Arquitectes\",\"description\":\"El universo de la creatividad compartida\",\"potentialAction\":[{\"@type\":\"SearchAction\",\"target\":{\"@type\":\"EntryPoint\",\"urlTemplate\":\"https:\\\/\\\/www.rcrarquitectes.es\\\/?s={search_term_string}\"},\"query-input\":{\"@type\":\"PropertyValueSpecification\",\"valueRequired\":true,\"valueName\":\"search_term_string\"}}],\"inLanguage\":\"es\"}]}<\/script>\n<!-- \/ Yoast SEO plugin. -->","yoast_head_json":{"title":"RCR. El somni de La Vila - RCR Arquitectes","robots":{"index":"index","follow":"follow","max-snippet":"max-snippet:-1","max-image-preview":"max-image-preview:large","max-video-preview":"max-video-preview:-1"},"canonical":"https:\/\/www.rcrarquitectes.es\/es\/drawings\/rcr-el-somni-de-la-vila-2\/","og_locale":"es_ES","og_type":"article","og_title":"RCR. El somni de La Vila - RCR Arquitectes","og_description":"RCR. El somni de La Vila [RCR. El sue\u00f1o de La Vila] Exposici\u00f3n Arts Santa M\u00f2nica. Claustro Max Cahner. Barcelona, Espa\u00f1a 02.07. &#8211; 13.10.2019 La exposici\u00f3n re\u00fane dos muestras precedentes en torno al proyecto de La Vila: \u00a0\u201cSue\u00f1o y naturaleza\u201d, en el marco de la Bienal de Arquitectura de Venecia 2018, y \u201cGeograf\u00eda de sue\u00f1os\u201d, [&hellip;]","og_url":"https:\/\/www.rcrarquitectes.es\/es\/drawings\/rcr-el-somni-de-la-vila-2\/","og_site_name":"RCR Arquitectes","article_modified_time":"2022-11-23T17:53:41+00:00","twitter_card":"summary_large_image","schema":{"@context":"https:\/\/schema.org","@graph":[{"@type":"WebPage","@id":"https:\/\/www.rcrarquitectes.es\/es\/drawings\/rcr-el-somni-de-la-vila-2\/","url":"https:\/\/www.rcrarquitectes.es\/es\/drawings\/rcr-el-somni-de-la-vila-2\/","name":"RCR. El somni de La Vila - RCR Arquitectes","isPartOf":{"@id":"https:\/\/www.rcrarquitectes.es\/#website"},"datePublished":"2022-11-23T16:57:16+00:00","dateModified":"2022-11-23T17:53:41+00:00","inLanguage":"es","potentialAction":[{"@type":"ReadAction","target":["https:\/\/www.rcrarquitectes.es\/es\/drawings\/rcr-el-somni-de-la-vila-2\/"]}]},{"@type":"WebSite","@id":"https:\/\/www.rcrarquitectes.es\/#website","url":"https:\/\/www.rcrarquitectes.es\/","name":"RCR Arquitectes","description":"El universo de la creatividad compartida","potentialAction":[{"@type":"SearchAction","target":{"@type":"EntryPoint","urlTemplate":"https:\/\/www.rcrarquitectes.es\/?s={search_term_string}"},"query-input":{"@type":"PropertyValueSpecification","valueRequired":true,"valueName":"search_term_string"}}],"inLanguage":"es"}]}},"_links":{"self":[{"href":"https:\/\/www.rcrarquitectes.es\/es\/wp-json\/wp\/v2\/drawings\/8427","targetHints":{"allow":["GET"]}}],"collection":[{"href":"https:\/\/www.rcrarquitectes.es\/es\/wp-json\/wp\/v2\/drawings"}],"about":[{"href":"https:\/\/www.rcrarquitectes.es\/es\/wp-json\/wp\/v2\/types\/drawings"}],"wp:attachment":[{"href":"https:\/\/www.rcrarquitectes.es\/es\/wp-json\/wp\/v2\/media?parent=8427"}],"wp:term":[{"taxonomy":"drawing_type","embeddable":true,"href":"https:\/\/www.rcrarquitectes.es\/es\/wp-json\/wp\/v2\/drawing_type?post=8427"}],"curies":[{"name":"wp","href":"https:\/\/api.w.org\/{rel}","templated":true}]}}

<p><strong>RCR. El somni de La Vila<br />
</strong>[RCR. El sueño de La Vila]<br />
Exposición<br />
Arts Santa Mònica. Claustro Max Cahner. Barcelona, España<br />
02.07. &#8211; 13.10.2019</p>
<p>La exposición reúne dos muestras precedentes en torno al proyecto de La Vila:  “Sueño y naturaleza”, en el marco de la Bienal de Arquitectura de Venecia 2018, y “Geografía de sueños”, en la Toto Gallery MA en Tokio .</p>
<p>&nbsp;</p>

<!-- This site is optimized with the Yoast SEO plugin v27.5 - https://yoast.com/product/yoast-seo-wordpress/ -->
<title>RCR. El somni de La Vila - RCR Arquitectes</title>
<meta name="robots" content="index, follow, max-snippet:-1, max-image-preview:large, max-video-preview:-1" />
<link rel="canonical" href="https://www.rcrarquitectes.es/es/drawings/rcr-el-somni-de-la-vila-2/" />
<meta property="og:locale" content="es_ES" />
<meta property="og:type" content="article" />
<meta property="og:title" content="RCR. El somni de La Vila - RCR Arquitectes" />
<meta property="og:description" content="RCR. El somni de La Vila [RCR. El sueño de La Vila] Exposición Arts Santa Mònica. Claustro Max Cahner. Barcelona, España 02.07. &#8211; 13.10.2019 La exposición reúne dos muestras precedentes en torno al proyecto de La Vila:  “Sueño y naturaleza”, en el marco de la Bienal de Arquitectura de Venecia 2018, y “Geografía de sueños”, [&hellip;]" />
<meta property="og:url" content="https://www.rcrarquitectes.es/es/drawings/rcr-el-somni-de-la-vila-2/" />
<meta property="og:site_name" content="RCR Arquitectes" />
<meta property="article:modified_time" content="2022-11-23T17:53:41+00:00" />
<meta name="twitter:card" content="summary_large_image" />
<script type="application/ld+json" class="yoast-schema-graph">{"@context":"https:\/\/schema.org","@graph":[{"@type":"WebPage","@id":"https:\/\/www.rcrarquitectes.es\/es\/drawings\/rcr-el-somni-de-la-vila-2\/","url":"https:\/\/www.rcrarquitectes.es\/es\/drawings\/rcr-el-somni-de-la-vila-2\/","name":"RCR. El somni de La Vila - RCR Arquitectes","isPartOf":{"@id":"https:\/\/www.rcrarquitectes.es\/#website"},"datePublished":"2022-11-23T16:57:16+00:00","dateModified":"2022-11-23T17:53:41+00:00","inLanguage":"es","potentialAction":[{"@type":"ReadAction","target":["https:\/\/www.rcrarquitectes.es\/es\/drawings\/rcr-el-somni-de-la-vila-2\/"]}]},{"@type":"WebSite","@id":"https:\/\/www.rcrarquitectes.es\/#website","url":"https:\/\/www.rcrarquitectes.es\/","name":"RCR Arquitectes","description":"El universo de la creatividad compartida","potentialAction":[{"@type":"SearchAction","target":{"@type":"EntryPoint","urlTemplate":"https:\/\/www.rcrarquitectes.es\/?s={search_term_string}"},"query-input":{"@type":"PropertyValueSpecification","valueRequired":true,"valueName":"search_term_string"}}],"inLanguage":"es"}]}</script>
<!-- / Yoast SEO plugin. -->

RCR. El somni de La Vila [RCR. El sueño de La Vila] Exposición Arts Santa Mònica. Claustro Max Cahner. Barcelona, España 02.07. &#8211; 13.10.2019 La exposición reúne dos muestras precedentes en torno al proyecto de La Vila:  “Sueño y naturaleza”, en el marco de la Bienal de Arquitectura de Venecia 2018, y “Geografía de sueños”, [&hellip;]
