{"id":8487,"date":"2022-11-23T20:06:58","date_gmt":"2022-11-23T18:06:58","guid":{"rendered":"https:\/\/www.rcrarquitectes.es\/drawings\/arcomadrid-2018\/"},"modified":"2022-11-23T20:06:58","modified_gmt":"2022-11-23T18:06:58","slug":"arcomadrid-2018","status":"publish","type":"drawings","link":"https:\/\/www.rcrarquitectes.es\/es\/drawings\/arcomadrid-2018\/","title":{"rendered":"ARCOmadrid 2018"},"content":{"rendered":"<p><strong>ARCOmadrid 2018<\/strong><br \/>\nExposici\u00f3n en la feria de arte<br \/>\nMadrid, Espa\u00f1a<br \/>\n21.02. &#8211; 25.02.2018<\/p>\n<p>Durante el mes de enero de 2018 se realizaron las planchas para 3 grabados verticales y una obra de gran formato apaisado. Las cuatro piezas gr\u00e1ficas de RCR formaron parte de una selecci\u00f3n de ediciones de renombrados artistas como David Rodr\u00edguez Caballero, Antoni Ballester Moreno, Jaume Plensa, Jordi Alcaraz, Regina Gim\u00e9nez y Antoni Muntadas.<\/p>\n","protected":false},"featured_media":0,"template":"","drawing_type":[141],"class_list":["post-8487","drawings","type-drawings","status-publish","hentry","drawing_type-exposiciones"],"acf":[],"yoast_head":"<!-- This site is optimized with the Yoast SEO plugin v27.5 - https:\/\/yoast.com\/product\/yoast-seo-wordpress\/ -->\n<title>ARCOmadrid 2018 - RCR Arquitectes<\/title>\n<meta name=\"robots\" content=\"index, follow, max-snippet:-1, max-image-preview:large, max-video-preview:-1\" \/>\n<link rel=\"canonical\" href=\"https:\/\/www.rcrarquitectes.es\/drawings\/arcomadrid-2018\/\" \/>\n<meta property=\"og:locale\" content=\"es_ES\" \/>\n<meta property=\"og:type\" content=\"article\" \/>\n<meta property=\"og:title\" content=\"ARCOmadrid 2018 - RCR Arquitectes\" \/>\n<meta property=\"og:description\" content=\"ARCOmadrid 2018 Exposici\u00f3n en la feria de arte Madrid, Espa\u00f1a 21.02. &#8211; 25.02.2018 Durante el mes de enero de 2018 se realizaron las planchas para 3 grabados verticales y una obra de gran formato apaisado. Las cuatro piezas gr\u00e1ficas de RCR formaron parte de una selecci\u00f3n de ediciones de renombrados artistas como David Rodr\u00edguez Caballero, [&hellip;]\" \/>\n<meta property=\"og:url\" content=\"https:\/\/www.rcrarquitectes.es\/drawings\/arcomadrid-2018\/\" \/>\n<meta property=\"og:site_name\" content=\"RCR Arquitectes\" \/>\n<meta name=\"twitter:card\" content=\"summary_large_image\" \/>\n<script type=\"application\/ld+json\" class=\"yoast-schema-graph\">{\"@context\":\"https:\\\/\\\/schema.org\",\"@graph\":[{\"@type\":\"WebPage\",\"@id\":\"https:\\\/\\\/www.rcrarquitectes.es\\\/drawings\\\/arcomadrid-2018\\\/\",\"url\":\"https:\\\/\\\/www.rcrarquitectes.es\\\/drawings\\\/arcomadrid-2018\\\/\",\"name\":\"ARCOmadrid 2018 - RCR Arquitectes\",\"isPartOf\":{\"@id\":\"https:\\\/\\\/www.rcrarquitectes.es\\\/#website\"},\"datePublished\":\"2022-11-23T18:06:58+00:00\",\"inLanguage\":\"es\",\"potentialAction\":[{\"@type\":\"ReadAction\",\"target\":[\"https:\\\/\\\/www.rcrarquitectes.es\\\/drawings\\\/arcomadrid-2018\\\/\"]}]},{\"@type\":\"WebSite\",\"@id\":\"https:\\\/\\\/www.rcrarquitectes.es\\\/#website\",\"url\":\"https:\\\/\\\/www.rcrarquitectes.es\\\/\",\"name\":\"RCR Arquitectes\",\"description\":\"El universo de la creatividad compartida\",\"potentialAction\":[{\"@type\":\"SearchAction\",\"target\":{\"@type\":\"EntryPoint\",\"urlTemplate\":\"https:\\\/\\\/www.rcrarquitectes.es\\\/?s={search_term_string}\"},\"query-input\":{\"@type\":\"PropertyValueSpecification\",\"valueRequired\":true,\"valueName\":\"search_term_string\"}}],\"inLanguage\":\"es\"}]}<\/script>\n<!-- \/ Yoast SEO plugin. -->","yoast_head_json":{"title":"ARCOmadrid 2018 - RCR Arquitectes","robots":{"index":"index","follow":"follow","max-snippet":"max-snippet:-1","max-image-preview":"max-image-preview:large","max-video-preview":"max-video-preview:-1"},"canonical":"https:\/\/www.rcrarquitectes.es\/drawings\/arcomadrid-2018\/","og_locale":"es_ES","og_type":"article","og_title":"ARCOmadrid 2018 - RCR Arquitectes","og_description":"ARCOmadrid 2018 Exposici\u00f3n en la feria de arte Madrid, Espa\u00f1a 21.02. &#8211; 25.02.2018 Durante el mes de enero de 2018 se realizaron las planchas para 3 grabados verticales y una obra de gran formato apaisado. Las cuatro piezas gr\u00e1ficas de RCR formaron parte de una selecci\u00f3n de ediciones de renombrados artistas como David Rodr\u00edguez Caballero, [&hellip;]","og_url":"https:\/\/www.rcrarquitectes.es\/drawings\/arcomadrid-2018\/","og_site_name":"RCR Arquitectes","twitter_card":"summary_large_image","schema":{"@context":"https:\/\/schema.org","@graph":[{"@type":"WebPage","@id":"https:\/\/www.rcrarquitectes.es\/drawings\/arcomadrid-2018\/","url":"https:\/\/www.rcrarquitectes.es\/drawings\/arcomadrid-2018\/","name":"ARCOmadrid 2018 - RCR Arquitectes","isPartOf":{"@id":"https:\/\/www.rcrarquitectes.es\/#website"},"datePublished":"2022-11-23T18:06:58+00:00","inLanguage":"es","potentialAction":[{"@type":"ReadAction","target":["https:\/\/www.rcrarquitectes.es\/drawings\/arcomadrid-2018\/"]}]},{"@type":"WebSite","@id":"https:\/\/www.rcrarquitectes.es\/#website","url":"https:\/\/www.rcrarquitectes.es\/","name":"RCR Arquitectes","description":"El universo de la creatividad compartida","potentialAction":[{"@type":"SearchAction","target":{"@type":"EntryPoint","urlTemplate":"https:\/\/www.rcrarquitectes.es\/?s={search_term_string}"},"query-input":{"@type":"PropertyValueSpecification","valueRequired":true,"valueName":"search_term_string"}}],"inLanguage":"es"}]}},"_links":{"self":[{"href":"https:\/\/www.rcrarquitectes.es\/es\/wp-json\/wp\/v2\/drawings\/8487","targetHints":{"allow":["GET"]}}],"collection":[{"href":"https:\/\/www.rcrarquitectes.es\/es\/wp-json\/wp\/v2\/drawings"}],"about":[{"href":"https:\/\/www.rcrarquitectes.es\/es\/wp-json\/wp\/v2\/types\/drawings"}],"wp:attachment":[{"href":"https:\/\/www.rcrarquitectes.es\/es\/wp-json\/wp\/v2\/media?parent=8487"}],"wp:term":[{"taxonomy":"drawing_type","embeddable":true,"href":"https:\/\/www.rcrarquitectes.es\/es\/wp-json\/wp\/v2\/drawing_type?post=8487"}],"curies":[{"name":"wp","href":"https:\/\/api.w.org\/{rel}","templated":true}]}}

<p><strong>ARCOmadrid 2018</strong><br />
Exposición en la feria de arte<br />
Madrid, España<br />
21.02. &#8211; 25.02.2018</p>
<p>Durante el mes de enero de 2018 se realizaron las planchas para 3 grabados verticales y una obra de gran formato apaisado. Las cuatro piezas gráficas de RCR formaron parte de una selección de ediciones de renombrados artistas como David Rodríguez Caballero, Antoni Ballester Moreno, Jaume Plensa, Jordi Alcaraz, Regina Giménez y Antoni Muntadas.</p>

<!-- This site is optimized with the Yoast SEO plugin v27.5 - https://yoast.com/product/yoast-seo-wordpress/ -->
<title>ARCOmadrid 2018 - RCR Arquitectes</title>
<meta name="robots" content="index, follow, max-snippet:-1, max-image-preview:large, max-video-preview:-1" />
<link rel="canonical" href="https://www.rcrarquitectes.es/drawings/arcomadrid-2018/" />
<meta property="og:locale" content="es_ES" />
<meta property="og:type" content="article" />
<meta property="og:title" content="ARCOmadrid 2018 - RCR Arquitectes" />
<meta property="og:description" content="ARCOmadrid 2018 Exposición en la feria de arte Madrid, España 21.02. &#8211; 25.02.2018 Durante el mes de enero de 2018 se realizaron las planchas para 3 grabados verticales y una obra de gran formato apaisado. Las cuatro piezas gráficas de RCR formaron parte de una selección de ediciones de renombrados artistas como David Rodríguez Caballero, [&hellip;]" />
<meta property="og:url" content="https://www.rcrarquitectes.es/drawings/arcomadrid-2018/" />
<meta property="og:site_name" content="RCR Arquitectes" />
<meta name="twitter:card" content="summary_large_image" />
<script type="application/ld+json" class="yoast-schema-graph">{"@context":"https:\/\/schema.org","@graph":[{"@type":"WebPage","@id":"https:\/\/www.rcrarquitectes.es\/drawings\/arcomadrid-2018\/","url":"https:\/\/www.rcrarquitectes.es\/drawings\/arcomadrid-2018\/","name":"ARCOmadrid 2018 - RCR Arquitectes","isPartOf":{"@id":"https:\/\/www.rcrarquitectes.es\/#website"},"datePublished":"2022-11-23T18:06:58+00:00","inLanguage":"es","potentialAction":[{"@type":"ReadAction","target":["https:\/\/www.rcrarquitectes.es\/drawings\/arcomadrid-2018\/"]}]},{"@type":"WebSite","@id":"https:\/\/www.rcrarquitectes.es\/#website","url":"https:\/\/www.rcrarquitectes.es\/","name":"RCR Arquitectes","description":"El universo de la creatividad compartida","potentialAction":[{"@type":"SearchAction","target":{"@type":"EntryPoint","urlTemplate":"https:\/\/www.rcrarquitectes.es\/?s={search_term_string}"},"query-input":{"@type":"PropertyValueSpecification","valueRequired":true,"valueName":"search_term_string"}}],"inLanguage":"es"}]}</script>
<!-- / Yoast SEO plugin. -->

ARCOmadrid 2018 Exposición en la feria de arte Madrid, España 21.02. &#8211; 25.02.2018 Durante el mes de enero de 2018 se realizaron las planchas para 3 grabados verticales y una obra de gran formato apaisado. Las cuatro piezas gráficas de RCR formaron parte de una selección de ediciones de renombrados artistas como David Rodríguez Caballero, [&hellip;]
