{"id":101,"date":"2021-05-17T06:50:16","date_gmt":"2021-05-17T04:50:16","guid":{"rendered":"https:\/\/www.rcrarquitectes.es\/botiga\/"},"modified":"2022-10-06T23:21:33","modified_gmt":"2022-10-06T21:21:33","slug":"botiga","status":"publish","type":"page","link":"https:\/\/www.rcrarquitectes.es\/es\/botiga\/","title":{"rendered":"Tienda"},"content":{"rendered":"<p><strong>La tienda de RCR<\/strong><\/p>\n<p>RCR ha acompa\u00f1ado su actividad como arquitectos con una cuidada l\u00ednea editorial para difundir la obra de RCR Arquitectes y explorarla desde otros \u00e1ngulos como la fotograf\u00eda y las artes audiovisuales. Las publicaciones exploran adem\u00e1s de su arquitectura otros temas que han interesado a sus fundadores, como es el caso de las casas de pay\u00e9s de la Garrotxa o la profundizaci\u00f3n en la historia del lugar donde se han instalado con el despacho y el laboratorio, el Espai Barber\u00ed.<\/p>\n<p>Esta actividad editorial se complementa con una elaborada selecci\u00f3n de productos relacionados con la obra de RCR Arquitectes: tarjetas postales, imanes, cuadernos y l\u00e1minas con reproducciones de bocetos.<\/p>\n<p>RCR ofrecer\u00e1 tambi\u00e9n una selecci\u00f3n de dise\u00f1os y mobiliario que han nacido en paralelo y con su arquitectura y que ahora seguir\u00e1n su propio camino en el mundo del dise\u00f1o industrial.<\/p>\n<p><strong>De momento los productos y las ediciones que se encuentran a la venta s\u00f3lo los encontrar\u00e1 durante su visita a la fundaci\u00f3n Bunka y, los que as\u00ed lo indiquen, en otros puntos especializados.<\/strong><\/p>\n<p>&nbsp;<\/p>\n","protected":false},"excerpt":{"rendered":"<p>La tienda de RCR RCR ha acompa\u00f1ado su actividad como arquitectos con una cuidada l\u00ednea editorial para difundir la obra de RCR Arquitectes y explorarla desde otros \u00e1ngulos como la fotograf\u00eda y las artes audiovisuales. Las publicaciones exploran adem\u00e1s de su arquitectura otros temas que han interesado a sus fundadores, como es el caso de [&hellip;]<\/p>\n","protected":false},"author":3,"featured_media":0,"parent":0,"menu_order":157,"comment_status":"closed","ping_status":"closed","template":"page-templates\/media_text.php","meta":{"_acf_changed":false,"inline_featured_image":false,"footnotes":""},"class_list":["post-101","page","type-page","status-publish","hentry"],"acf":[],"yoast_head":"<!-- This site is optimized with the Yoast SEO plugin v27.5 - https:\/\/yoast.com\/product\/yoast-seo-wordpress\/ -->\n<title>Tienda - RCR Arquitectes<\/title>\n<meta name=\"robots\" content=\"index, follow, max-snippet:-1, max-image-preview:large, max-video-preview:-1\" \/>\n<link rel=\"canonical\" href=\"https:\/\/www.rcrarquitectes.es\/es\/botiga\/\" \/>\n<meta property=\"og:locale\" content=\"es_ES\" \/>\n<meta property=\"og:type\" content=\"article\" \/>\n<meta property=\"og:title\" content=\"Tienda - RCR Arquitectes\" \/>\n<meta property=\"og:description\" content=\"La tienda de RCR RCR ha acompa\u00f1ado su actividad como arquitectos con una cuidada l\u00ednea editorial para difundir la obra de RCR Arquitectes y explorarla desde otros \u00e1ngulos como la fotograf\u00eda y las artes audiovisuales. Las publicaciones exploran adem\u00e1s de su arquitectura otros temas que han interesado a sus fundadores, como es el caso de [&hellip;]\" \/>\n<meta property=\"og:url\" content=\"https:\/\/www.rcrarquitectes.es\/es\/botiga\/\" \/>\n<meta property=\"og:site_name\" content=\"RCR Arquitectes\" \/>\n<meta property=\"article:modified_time\" content=\"2022-10-06T21:21:33+00:00\" \/>\n<meta name=\"twitter:card\" content=\"summary_large_image\" \/>\n<meta name=\"twitter:label1\" content=\"Tiempo de lectura\" \/>\n\t<meta name=\"twitter:data1\" content=\"1 minuto\" \/>\n<script type=\"application\/ld+json\" class=\"yoast-schema-graph\">{\"@context\":\"https:\\\/\\\/schema.org\",\"@graph\":[{\"@type\":\"WebPage\",\"@id\":\"https:\\\/\\\/www.rcrarquitectes.es\\\/es\\\/botiga\\\/\",\"url\":\"https:\\\/\\\/www.rcrarquitectes.es\\\/es\\\/botiga\\\/\",\"name\":\"Tienda - RCR Arquitectes\",\"isPartOf\":{\"@id\":\"https:\\\/\\\/www.rcrarquitectes.es\\\/#website\"},\"datePublished\":\"2021-05-17T04:50:16+00:00\",\"dateModified\":\"2022-10-06T21:21:33+00:00\",\"inLanguage\":\"es\",\"potentialAction\":[{\"@type\":\"ReadAction\",\"target\":[\"https:\\\/\\\/www.rcrarquitectes.es\\\/es\\\/botiga\\\/\"]}]},{\"@type\":\"WebSite\",\"@id\":\"https:\\\/\\\/www.rcrarquitectes.es\\\/#website\",\"url\":\"https:\\\/\\\/www.rcrarquitectes.es\\\/\",\"name\":\"RCR Arquitectes\",\"description\":\"El universo de la creatividad compartida\",\"potentialAction\":[{\"@type\":\"SearchAction\",\"target\":{\"@type\":\"EntryPoint\",\"urlTemplate\":\"https:\\\/\\\/www.rcrarquitectes.es\\\/?s={search_term_string}\"},\"query-input\":{\"@type\":\"PropertyValueSpecification\",\"valueRequired\":true,\"valueName\":\"search_term_string\"}}],\"inLanguage\":\"es\"}]}<\/script>\n<!-- \/ Yoast SEO plugin. -->","yoast_head_json":{"title":"Tienda - RCR Arquitectes","robots":{"index":"index","follow":"follow","max-snippet":"max-snippet:-1","max-image-preview":"max-image-preview:large","max-video-preview":"max-video-preview:-1"},"canonical":"https:\/\/www.rcrarquitectes.es\/es\/botiga\/","og_locale":"es_ES","og_type":"article","og_title":"Tienda - RCR Arquitectes","og_description":"La tienda de RCR RCR ha acompa\u00f1ado su actividad como arquitectos con una cuidada l\u00ednea editorial para difundir la obra de RCR Arquitectes y explorarla desde otros \u00e1ngulos como la fotograf\u00eda y las artes audiovisuales. Las publicaciones exploran adem\u00e1s de su arquitectura otros temas que han interesado a sus fundadores, como es el caso de [&hellip;]","og_url":"https:\/\/www.rcrarquitectes.es\/es\/botiga\/","og_site_name":"RCR Arquitectes","article_modified_time":"2022-10-06T21:21:33+00:00","twitter_card":"summary_large_image","twitter_misc":{"Tiempo de lectura":"1 minuto"},"schema":{"@context":"https:\/\/schema.org","@graph":[{"@type":"WebPage","@id":"https:\/\/www.rcrarquitectes.es\/es\/botiga\/","url":"https:\/\/www.rcrarquitectes.es\/es\/botiga\/","name":"Tienda - RCR Arquitectes","isPartOf":{"@id":"https:\/\/www.rcrarquitectes.es\/#website"},"datePublished":"2021-05-17T04:50:16+00:00","dateModified":"2022-10-06T21:21:33+00:00","inLanguage":"es","potentialAction":[{"@type":"ReadAction","target":["https:\/\/www.rcrarquitectes.es\/es\/botiga\/"]}]},{"@type":"WebSite","@id":"https:\/\/www.rcrarquitectes.es\/#website","url":"https:\/\/www.rcrarquitectes.es\/","name":"RCR Arquitectes","description":"El universo de la creatividad compartida","potentialAction":[{"@type":"SearchAction","target":{"@type":"EntryPoint","urlTemplate":"https:\/\/www.rcrarquitectes.es\/?s={search_term_string}"},"query-input":{"@type":"PropertyValueSpecification","valueRequired":true,"valueName":"search_term_string"}}],"inLanguage":"es"}]}},"_links":{"self":[{"href":"https:\/\/www.rcrarquitectes.es\/es\/wp-json\/wp\/v2\/pages\/101","targetHints":{"allow":["GET"]}}],"collection":[{"href":"https:\/\/www.rcrarquitectes.es\/es\/wp-json\/wp\/v2\/pages"}],"about":[{"href":"https:\/\/www.rcrarquitectes.es\/es\/wp-json\/wp\/v2\/types\/page"}],"author":[{"embeddable":true,"href":"https:\/\/www.rcrarquitectes.es\/es\/wp-json\/wp\/v2\/users\/3"}],"replies":[{"embeddable":true,"href":"https:\/\/www.rcrarquitectes.es\/es\/wp-json\/wp\/v2\/comments?post=101"}],"version-history":[{"count":3,"href":"https:\/\/www.rcrarquitectes.es\/es\/wp-json\/wp\/v2\/pages\/101\/revisions"}],"predecessor-version":[{"id":7812,"href":"https:\/\/www.rcrarquitectes.es\/es\/wp-json\/wp\/v2\/pages\/101\/revisions\/7812"}],"wp:attachment":[{"href":"https:\/\/www.rcrarquitectes.es\/es\/wp-json\/wp\/v2\/media?parent=101"}],"curies":[{"name":"wp","href":"https:\/\/api.w.org\/{rel}","templated":true}]}}

<p><strong>La tienda de RCR</strong></p>
<p>RCR ha acompañado su actividad como arquitectos con una cuidada línea editorial para difundir la obra de RCR Arquitectes y explorarla desde otros ángulos como la fotografía y las artes audiovisuales. Las publicaciones exploran además de su arquitectura otros temas que han interesado a sus fundadores, como es el caso de las casas de payés de la Garrotxa o la profundización en la historia del lugar donde se han instalado con el despacho y el laboratorio, el Espai Barberí.</p>
<p>Esta actividad editorial se complementa con una elaborada selección de productos relacionados con la obra de RCR Arquitectes: tarjetas postales, imanes, cuadernos y láminas con reproducciones de bocetos.</p>
<p>RCR ofrecerá también una selección de diseños y mobiliario que han nacido en paralelo y con su arquitectura y que ahora seguirán su propio camino en el mundo del diseño industrial.</p>
<p><strong>De momento los productos y las ediciones que se encuentran a la venta sólo los encontrará durante su visita a la fundación Bunka y, los que así lo indiquen, en otros puntos especializados.</strong></p>
<p>&nbsp;</p>

<p>La tienda de RCR RCR ha acompañado su actividad como arquitectos con una cuidada línea editorial para difundir la obra de RCR Arquitectes y explorarla desde otros ángulos como la fotografía y las artes audiovisuales. Las publicaciones exploran además de su arquitectura otros temas que han interesado a sus fundadores, como es el caso de [&hellip;]</p>

<!-- This site is optimized with the Yoast SEO plugin v27.5 - https://yoast.com/product/yoast-seo-wordpress/ -->
<title>Tienda - RCR Arquitectes</title>
<meta name="robots" content="index, follow, max-snippet:-1, max-image-preview:large, max-video-preview:-1" />
<link rel="canonical" href="https://www.rcrarquitectes.es/es/botiga/" />
<meta property="og:locale" content="es_ES" />
<meta property="og:type" content="article" />
<meta property="og:title" content="Tienda - RCR Arquitectes" />
<meta property="og:description" content="La tienda de RCR RCR ha acompañado su actividad como arquitectos con una cuidada línea editorial para difundir la obra de RCR Arquitectes y explorarla desde otros ángulos como la fotografía y las artes audiovisuales. Las publicaciones exploran además de su arquitectura otros temas que han interesado a sus fundadores, como es el caso de [&hellip;]" />
<meta property="og:url" content="https://www.rcrarquitectes.es/es/botiga/" />
<meta property="og:site_name" content="RCR Arquitectes" />
<meta property="article:modified_time" content="2022-10-06T21:21:33+00:00" />
<meta name="twitter:card" content="summary_large_image" />
<meta name="twitter:label1" content="Tiempo de lectura" />
	<meta name="twitter:data1" content="1 minuto" />
<script type="application/ld+json" class="yoast-schema-graph">{"@context":"https:\/\/schema.org","@graph":[{"@type":"WebPage","@id":"https:\/\/www.rcrarquitectes.es\/es\/botiga\/","url":"https:\/\/www.rcrarquitectes.es\/es\/botiga\/","name":"Tienda - RCR Arquitectes","isPartOf":{"@id":"https:\/\/www.rcrarquitectes.es\/#website"},"datePublished":"2021-05-17T04:50:16+00:00","dateModified":"2022-10-06T21:21:33+00:00","inLanguage":"es","potentialAction":[{"@type":"ReadAction","target":["https:\/\/www.rcrarquitectes.es\/es\/botiga\/"]}]},{"@type":"WebSite","@id":"https:\/\/www.rcrarquitectes.es\/#website","url":"https:\/\/www.rcrarquitectes.es\/","name":"RCR Arquitectes","description":"El universo de la creatividad compartida","potentialAction":[{"@type":"SearchAction","target":{"@type":"EntryPoint","urlTemplate":"https:\/\/www.rcrarquitectes.es\/?s={search_term_string}"},"query-input":{"@type":"PropertyValueSpecification","valueRequired":true,"valueName":"search_term_string"}}],"inLanguage":"es"}]}</script>
<!-- / Yoast SEO plugin. -->

La tienda de RCR RCR ha acompañado su actividad como arquitectos con una cuidada línea editorial para difundir la obra de RCR Arquitectes y explorarla desde otros ángulos como la fotografía y las artes audiovisuales. Las publicaciones exploran además de su arquitectura otros temas que han interesado a sus fundadores, como es el caso de [&hellip;]
