{"id":108,"date":"2021-05-17T04:23:47","date_gmt":"2021-05-17T02:23:47","guid":{"rendered":"https:\/\/www.rcrarquitectes.es\/politica-de-privacitat\/"},"modified":"2022-05-02T14:23:35","modified_gmt":"2022-05-02T12:23:35","slug":"politica-de-privacidad","status":"publish","type":"page","link":"https:\/\/www.rcrarquitectes.es\/es\/politica-de-privacidad\/","title":{"rendered":"Pol\u00edtica de privacidad"},"content":{"rendered":"<div>\n<p><b>Informaci\u00f3n<\/b><\/p>\n<\/div>\n<div>\n<div>\n<p>De conformidad con la <i><span lang=\"CA\">Llei org\u00e0nica 3\/2018, de 5 de desembre, de protecci\u00f3 de dades personals i garantia dels drets digitals<\/span><\/i> y la propia pol\u00edtica de privacidad de la entidad, los datos recogidos de car\u00e1cter personal para la gesti\u00f3n y mantenimiento de las distintas acciones ser\u00e1n tratados con estricta confidencialidad y no est\u00e1 prevista ninguna cesi\u00f3n a terceros. Los datos personales quedan incorporados en ficheros titularidad de la entidad con la finalidad exclusiva de poder atender adecuadamente lo que ha motivado su libraci\u00f3n.<\/p>\n<\/div>\n<\/div>\n<div>\n<p><b>Derechos de los interesados<\/b><\/p>\n<\/div>\n<div>\n<div>\n<p>Se comunica al interesado que podr\u00e1 ejercer los derechos de acceso, rectificaci\u00f3n o supresi\u00f3n, oposici\u00f3n o limitaci\u00f3n de tratamiento y a la portabilidad de sus datos personales aportados para la relaci\u00f3n comercial y\/o contractual que ha originado su presentaci\u00f3n, ante el Responsable del Tratamiento. El Responsable del Tratamiento de cada una de las entidades son las propias entidades y mediante los correos postales o electr\u00f3nicos facilitados se podr\u00e1n llevar a cabo las acciones expuestas.<\/p>\n<\/div>\n<\/div>\n<div>\n<p>Se le comunica tambi\u00e9n que tiene el derecho a presentar una reclamaci\u00f3n ante la autoridad de control.<\/p>\n<\/div>\n<div>\n<p><b>Aceptaci\u00f3n<\/b><\/p>\n<\/div>\n<div>\n<p>Al aceptar las condiciones de privacidad da su consentimiento al tratamiento de sus datos personales de acuerdo con el sistema establecido por la entidad titular.<\/p>\n<\/div>\n","protected":false},"excerpt":{"rendered":"<p>Informaci\u00f3n De conformidad con la Llei org\u00e0nica 3\/2018, de 5 de desembre, de protecci\u00f3 de dades personals i garantia dels drets digitals y la propia pol\u00edtica de privacidad de la entidad, los datos recogidos de car\u00e1cter personal para la gesti\u00f3n y mantenimiento de las distintas acciones ser\u00e1n tratados con estricta confidencialidad y no est\u00e1 prevista [&hellip;]<\/p>\n","protected":false},"author":3,"featured_media":0,"parent":0,"menu_order":167,"comment_status":"closed","ping_status":"closed","template":"page-templates\/legal.php","meta":{"_acf_changed":false,"inline_featured_image":false,"footnotes":""},"class_list":["post-108","page","type-page","status-publish","hentry"],"acf":[],"yoast_head":"<!-- This site is optimized with the Yoast SEO plugin v27.5 - https:\/\/yoast.com\/product\/yoast-seo-wordpress\/ -->\n<title>Pol\u00edtica de privacidad - RCR Arquitectes<\/title>\n<meta name=\"robots\" content=\"index, follow, max-snippet:-1, max-image-preview:large, max-video-preview:-1\" \/>\n<link rel=\"canonical\" href=\"https:\/\/www.rcrarquitectes.es\/es\/politica-de-privacidad\/\" \/>\n<meta property=\"og:locale\" content=\"es_ES\" \/>\n<meta property=\"og:type\" content=\"article\" \/>\n<meta property=\"og:title\" content=\"Pol\u00edtica de privacidad - RCR Arquitectes\" \/>\n<meta property=\"og:description\" content=\"Informaci\u00f3n De conformidad con la Llei org\u00e0nica 3\/2018, de 5 de desembre, de protecci\u00f3 de dades personals i garantia dels drets digitals y la propia pol\u00edtica de privacidad de la entidad, los datos recogidos de car\u00e1cter personal para la gesti\u00f3n y mantenimiento de las distintas acciones ser\u00e1n tratados con estricta confidencialidad y no est\u00e1 prevista [&hellip;]\" \/>\n<meta property=\"og:url\" content=\"https:\/\/www.rcrarquitectes.es\/es\/politica-de-privacidad\/\" \/>\n<meta property=\"og:site_name\" content=\"RCR Arquitectes\" \/>\n<meta property=\"article:modified_time\" content=\"2022-05-02T12:23:35+00:00\" \/>\n<meta name=\"twitter:card\" content=\"summary_large_image\" \/>\n<meta name=\"twitter:label1\" content=\"Tiempo de lectura\" \/>\n\t<meta name=\"twitter:data1\" content=\"1 minuto\" \/>\n<script type=\"application\/ld+json\" class=\"yoast-schema-graph\">{\"@context\":\"https:\\\/\\\/schema.org\",\"@graph\":[{\"@type\":\"WebPage\",\"@id\":\"https:\\\/\\\/www.rcrarquitectes.es\\\/es\\\/politica-de-privacidad\\\/\",\"url\":\"https:\\\/\\\/www.rcrarquitectes.es\\\/es\\\/politica-de-privacidad\\\/\",\"name\":\"Pol\u00edtica de privacidad - RCR Arquitectes\",\"isPartOf\":{\"@id\":\"https:\\\/\\\/www.rcrarquitectes.es\\\/#website\"},\"datePublished\":\"2021-05-17T02:23:47+00:00\",\"dateModified\":\"2022-05-02T12:23:35+00:00\",\"inLanguage\":\"es\",\"potentialAction\":[{\"@type\":\"ReadAction\",\"target\":[\"https:\\\/\\\/www.rcrarquitectes.es\\\/es\\\/politica-de-privacidad\\\/\"]}]},{\"@type\":\"WebSite\",\"@id\":\"https:\\\/\\\/www.rcrarquitectes.es\\\/#website\",\"url\":\"https:\\\/\\\/www.rcrarquitectes.es\\\/\",\"name\":\"RCR Arquitectes\",\"description\":\"El universo de la creatividad compartida\",\"potentialAction\":[{\"@type\":\"SearchAction\",\"target\":{\"@type\":\"EntryPoint\",\"urlTemplate\":\"https:\\\/\\\/www.rcrarquitectes.es\\\/?s={search_term_string}\"},\"query-input\":{\"@type\":\"PropertyValueSpecification\",\"valueRequired\":true,\"valueName\":\"search_term_string\"}}],\"inLanguage\":\"es\"}]}<\/script>\n<!-- \/ Yoast SEO plugin. -->","yoast_head_json":{"title":"Pol\u00edtica de privacidad - RCR Arquitectes","robots":{"index":"index","follow":"follow","max-snippet":"max-snippet:-1","max-image-preview":"max-image-preview:large","max-video-preview":"max-video-preview:-1"},"canonical":"https:\/\/www.rcrarquitectes.es\/es\/politica-de-privacidad\/","og_locale":"es_ES","og_type":"article","og_title":"Pol\u00edtica de privacidad - RCR Arquitectes","og_description":"Informaci\u00f3n De conformidad con la Llei org\u00e0nica 3\/2018, de 5 de desembre, de protecci\u00f3 de dades personals i garantia dels drets digitals y la propia pol\u00edtica de privacidad de la entidad, los datos recogidos de car\u00e1cter personal para la gesti\u00f3n y mantenimiento de las distintas acciones ser\u00e1n tratados con estricta confidencialidad y no est\u00e1 prevista [&hellip;]","og_url":"https:\/\/www.rcrarquitectes.es\/es\/politica-de-privacidad\/","og_site_name":"RCR Arquitectes","article_modified_time":"2022-05-02T12:23:35+00:00","twitter_card":"summary_large_image","twitter_misc":{"Tiempo de lectura":"1 minuto"},"schema":{"@context":"https:\/\/schema.org","@graph":[{"@type":"WebPage","@id":"https:\/\/www.rcrarquitectes.es\/es\/politica-de-privacidad\/","url":"https:\/\/www.rcrarquitectes.es\/es\/politica-de-privacidad\/","name":"Pol\u00edtica de privacidad - RCR Arquitectes","isPartOf":{"@id":"https:\/\/www.rcrarquitectes.es\/#website"},"datePublished":"2021-05-17T02:23:47+00:00","dateModified":"2022-05-02T12:23:35+00:00","inLanguage":"es","potentialAction":[{"@type":"ReadAction","target":["https:\/\/www.rcrarquitectes.es\/es\/politica-de-privacidad\/"]}]},{"@type":"WebSite","@id":"https:\/\/www.rcrarquitectes.es\/#website","url":"https:\/\/www.rcrarquitectes.es\/","name":"RCR Arquitectes","description":"El universo de la creatividad compartida","potentialAction":[{"@type":"SearchAction","target":{"@type":"EntryPoint","urlTemplate":"https:\/\/www.rcrarquitectes.es\/?s={search_term_string}"},"query-input":{"@type":"PropertyValueSpecification","valueRequired":true,"valueName":"search_term_string"}}],"inLanguage":"es"}]}},"_links":{"self":[{"href":"https:\/\/www.rcrarquitectes.es\/es\/wp-json\/wp\/v2\/pages\/108","targetHints":{"allow":["GET"]}}],"collection":[{"href":"https:\/\/www.rcrarquitectes.es\/es\/wp-json\/wp\/v2\/pages"}],"about":[{"href":"https:\/\/www.rcrarquitectes.es\/es\/wp-json\/wp\/v2\/types\/page"}],"author":[{"embeddable":true,"href":"https:\/\/www.rcrarquitectes.es\/es\/wp-json\/wp\/v2\/users\/3"}],"replies":[{"embeddable":true,"href":"https:\/\/www.rcrarquitectes.es\/es\/wp-json\/wp\/v2\/comments?post=108"}],"version-history":[{"count":5,"href":"https:\/\/www.rcrarquitectes.es\/es\/wp-json\/wp\/v2\/pages\/108\/revisions"}],"predecessor-version":[{"id":7068,"href":"https:\/\/www.rcrarquitectes.es\/es\/wp-json\/wp\/v2\/pages\/108\/revisions\/7068"}],"wp:attachment":[{"href":"https:\/\/www.rcrarquitectes.es\/es\/wp-json\/wp\/v2\/media?parent=108"}],"curies":[{"name":"wp","href":"https:\/\/api.w.org\/{rel}","templated":true}]}}

Política de privacidad

<div>
<p><b>Información</b></p>
</div>
<div>
<div>
<p>De conformidad con la <i><span lang="CA">Llei orgànica 3/2018, de 5 de desembre, de protecció de dades personals i garantia dels drets digitals</span></i> y la propia política de privacidad de la entidad, los datos recogidos de carácter personal para la gestión y mantenimiento de las distintas acciones serán tratados con estricta confidencialidad y no está prevista ninguna cesión a terceros. Los datos personales quedan incorporados en ficheros titularidad de la entidad con la finalidad exclusiva de poder atender adecuadamente lo que ha motivado su libración.</p>
</div>
</div>
<div>
<p><b>Derechos de los interesados</b></p>
</div>
<div>
<div>
<p>Se comunica al interesado que podrá ejercer los derechos de acceso, rectificación o supresión, oposición o limitación de tratamiento y a la portabilidad de sus datos personales aportados para la relación comercial y/o contractual que ha originado su presentación, ante el Responsable del Tratamiento. El Responsable del Tratamiento de cada una de las entidades son las propias entidades y mediante los correos postales o electrónicos facilitados se podrán llevar a cabo las acciones expuestas.</p>
</div>
</div>
<div>
<p>Se le comunica también que tiene el derecho a presentar una reclamación ante la autoridad de control.</p>
</div>
<div>
<p><b>Aceptación</b></p>
</div>
<div>
<p>Al aceptar las condiciones de privacidad da su consentimiento al tratamiento de sus datos personales de acuerdo con el sistema establecido por la entidad titular.</p>
</div>

<p>Información De conformidad con la Llei orgànica 3/2018, de 5 de desembre, de protecció de dades personals i garantia dels drets digitals y la propia política de privacidad de la entidad, los datos recogidos de carácter personal para la gestión y mantenimiento de las distintas acciones serán tratados con estricta confidencialidad y no está prevista [&hellip;]</p>

<!-- This site is optimized with the Yoast SEO plugin v27.5 - https://yoast.com/product/yoast-seo-wordpress/ -->
<title>Política de privacidad - RCR Arquitectes</title>
<meta name="robots" content="index, follow, max-snippet:-1, max-image-preview:large, max-video-preview:-1" />
<link rel="canonical" href="https://www.rcrarquitectes.es/es/politica-de-privacidad/" />
<meta property="og:locale" content="es_ES" />
<meta property="og:type" content="article" />
<meta property="og:title" content="Política de privacidad - RCR Arquitectes" />
<meta property="og:description" content="Información De conformidad con la Llei orgànica 3/2018, de 5 de desembre, de protecció de dades personals i garantia dels drets digitals y la propia política de privacidad de la entidad, los datos recogidos de carácter personal para la gestión y mantenimiento de las distintas acciones serán tratados con estricta confidencialidad y no está prevista [&hellip;]" />
<meta property="og:url" content="https://www.rcrarquitectes.es/es/politica-de-privacidad/" />
<meta property="og:site_name" content="RCR Arquitectes" />
<meta property="article:modified_time" content="2022-05-02T12:23:35+00:00" />
<meta name="twitter:card" content="summary_large_image" />
<meta name="twitter:label1" content="Tiempo de lectura" />
	<meta name="twitter:data1" content="1 minuto" />
<script type="application/ld+json" class="yoast-schema-graph">{"@context":"https:\/\/schema.org","@graph":[{"@type":"WebPage","@id":"https:\/\/www.rcrarquitectes.es\/es\/politica-de-privacidad\/","url":"https:\/\/www.rcrarquitectes.es\/es\/politica-de-privacidad\/","name":"Política de privacidad - RCR Arquitectes","isPartOf":{"@id":"https:\/\/www.rcrarquitectes.es\/#website"},"datePublished":"2021-05-17T02:23:47+00:00","dateModified":"2022-05-02T12:23:35+00:00","inLanguage":"es","potentialAction":[{"@type":"ReadAction","target":["https:\/\/www.rcrarquitectes.es\/es\/politica-de-privacidad\/"]}]},{"@type":"WebSite","@id":"https:\/\/www.rcrarquitectes.es\/#website","url":"https:\/\/www.rcrarquitectes.es\/","name":"RCR Arquitectes","description":"El universo de la creatividad compartida","potentialAction":[{"@type":"SearchAction","target":{"@type":"EntryPoint","urlTemplate":"https:\/\/www.rcrarquitectes.es\/?s={search_term_string}"},"query-input":{"@type":"PropertyValueSpecification","valueRequired":true,"valueName":"search_term_string"}}],"inLanguage":"es"}]}</script>
<!-- / Yoast SEO plugin. -->

Política de privacidad - RCR Arquitectes

Información De conformidad con la Llei orgànica 3/2018, de 5 de desembre, de protecció de dades personals i garantia dels drets digitals y la propia política de privacidad de la entidad, los datos recogidos de carácter personal para la gestión y mantenimiento de las distintas acciones serán tratados con estricta confidencialidad y no está prevista [&hellip;]
