{"id":59,"date":"2022-04-13T18:00:16","date_gmt":"2022-04-13T16:00:16","guid":{"rendered":"https:\/\/www.rcrarquitectes.es\/filosofia-i-equip\/"},"modified":"2025-10-20T13:54:33","modified_gmt":"2025-10-20T11:54:33","slug":"filosofia-i-equip","status":"publish","type":"page","link":"https:\/\/www.rcrarquitectes.es\/es\/filosofia-i-equip\/","title":{"rendered":"RCR"},"content":{"rendered":"<p><strong>RCR<\/strong><br \/>\n<strong>El universo de la creatividad compartida<\/strong><\/p>\n<p>RCR es un proyecto integrador cuyos or\u00edgenes se encuentran en la arquitectura, pero que no se limita a esta disciplina. Integra tambi\u00e9n el paisaje, el dise\u00f1o, el arte y el pensamiento, convirti\u00e9ndose en un laboratorio transversal de ideas y en un espacio cultural.<\/p>\n<p><span style=\"font-size: inherit;\">La fuerza de la arquitectura de RCR reside en su capacidad para trascender sus ra\u00edces mediante un lenguaje universal, fruto de una profunda b\u00fasqueda de lo esencial. Esta esencia emerge para sus fundadores \u2014 Rafael Aranda, Carme Pigem y Ramon Vilalta \u2014 de la exploraci\u00f3n del vac\u00edo y del di\u00e1logo entre lugar y arquitectura. Al mismo tiempo, nace de un proceso creativo compartido, similar al del jazz, en el que el \u201cyo\u201d se transforma en \u201cnosotros\u201d.<\/span><\/p>\n<p>Esta arquitectura, nacida de la creatividad compartida, alude a valores y procesos relacionales en todos los sentidos. Se expande m\u00e1s all\u00e1 de los l\u00edmites de la disciplina con una visi\u00f3n hol\u00edstica que abarca algo mayor que la propia arquitectura: la vida. En ella, RCR ensaya que los sue\u00f1os son posibles.<\/p>\n<p>Esta visi\u00f3n fue reconocida con el Premio Pritzker 2017, considerado el Nobel de la Arquitectura.<\/p>\n","protected":false},"excerpt":{"rendered":"<p>RCR El universo de la creatividad compartida RCR es un proyecto integrador cuyos or\u00edgenes se encuentran en la arquitectura, pero que no se limita a esta disciplina. Integra tambi\u00e9n el paisaje, el dise\u00f1o, el arte y el pensamiento, convirti\u00e9ndose en un laboratorio transversal de ideas y en un espacio cultural. La fuerza de la arquitectura [&hellip;]<\/p>\n","protected":false},"author":3,"featured_media":0,"parent":0,"menu_order":6,"comment_status":"closed","ping_status":"closed","template":"page-templates\/media_text.php","meta":{"_acf_changed":false,"inline_featured_image":false,"footnotes":""},"class_list":["post-59","page","type-page","status-publish","hentry"],"acf":[],"yoast_head":"<!-- This site is optimized with the Yoast SEO plugin v27.5 - https:\/\/yoast.com\/product\/yoast-seo-wordpress\/ -->\n<title>RCR - RCR Arquitectes<\/title>\n<meta name=\"robots\" content=\"index, follow, max-snippet:-1, max-image-preview:large, max-video-preview:-1\" \/>\n<link rel=\"canonical\" href=\"https:\/\/www.rcrarquitectes.es\/es\/filosofia-i-equip\/\" \/>\n<meta property=\"og:locale\" content=\"es_ES\" \/>\n<meta property=\"og:type\" content=\"article\" \/>\n<meta property=\"og:title\" content=\"RCR - RCR Arquitectes\" \/>\n<meta property=\"og:description\" content=\"RCR El universo de la creatividad compartida RCR es un proyecto integrador cuyos or\u00edgenes se encuentran en la arquitectura, pero que no se limita a esta disciplina. Integra tambi\u00e9n el paisaje, el dise\u00f1o, el arte y el pensamiento, convirti\u00e9ndose en un laboratorio transversal de ideas y en un espacio cultural. La fuerza de la arquitectura [&hellip;]\" \/>\n<meta property=\"og:url\" content=\"https:\/\/www.rcrarquitectes.es\/es\/filosofia-i-equip\/\" \/>\n<meta property=\"og:site_name\" content=\"RCR Arquitectes\" \/>\n<meta property=\"article:modified_time\" content=\"2025-10-20T11:54:33+00:00\" \/>\n<meta name=\"twitter:card\" content=\"summary_large_image\" \/>\n<meta name=\"twitter:label1\" content=\"Tiempo de lectura\" \/>\n\t<meta name=\"twitter:data1\" content=\"1 minuto\" \/>\n<script type=\"application\/ld+json\" class=\"yoast-schema-graph\">{\"@context\":\"https:\\\/\\\/schema.org\",\"@graph\":[{\"@type\":\"WebPage\",\"@id\":\"https:\\\/\\\/www.rcrarquitectes.es\\\/es\\\/filosofia-i-equip\\\/\",\"url\":\"https:\\\/\\\/www.rcrarquitectes.es\\\/es\\\/filosofia-i-equip\\\/\",\"name\":\"RCR - RCR Arquitectes\",\"isPartOf\":{\"@id\":\"https:\\\/\\\/www.rcrarquitectes.es\\\/#website\"},\"datePublished\":\"2022-04-13T16:00:16+00:00\",\"dateModified\":\"2025-10-20T11:54:33+00:00\",\"inLanguage\":\"es\",\"potentialAction\":[{\"@type\":\"ReadAction\",\"target\":[\"https:\\\/\\\/www.rcrarquitectes.es\\\/es\\\/filosofia-i-equip\\\/\"]}]},{\"@type\":\"WebSite\",\"@id\":\"https:\\\/\\\/www.rcrarquitectes.es\\\/#website\",\"url\":\"https:\\\/\\\/www.rcrarquitectes.es\\\/\",\"name\":\"RCR Arquitectes\",\"description\":\"El universo de la creatividad compartida\",\"potentialAction\":[{\"@type\":\"SearchAction\",\"target\":{\"@type\":\"EntryPoint\",\"urlTemplate\":\"https:\\\/\\\/www.rcrarquitectes.es\\\/?s={search_term_string}\"},\"query-input\":{\"@type\":\"PropertyValueSpecification\",\"valueRequired\":true,\"valueName\":\"search_term_string\"}}],\"inLanguage\":\"es\"}]}<\/script>\n<!-- \/ Yoast SEO plugin. -->","yoast_head_json":{"title":"RCR - RCR Arquitectes","robots":{"index":"index","follow":"follow","max-snippet":"max-snippet:-1","max-image-preview":"max-image-preview:large","max-video-preview":"max-video-preview:-1"},"canonical":"https:\/\/www.rcrarquitectes.es\/es\/filosofia-i-equip\/","og_locale":"es_ES","og_type":"article","og_title":"RCR - RCR Arquitectes","og_description":"RCR El universo de la creatividad compartida RCR es un proyecto integrador cuyos or\u00edgenes se encuentran en la arquitectura, pero que no se limita a esta disciplina. Integra tambi\u00e9n el paisaje, el dise\u00f1o, el arte y el pensamiento, convirti\u00e9ndose en un laboratorio transversal de ideas y en un espacio cultural. La fuerza de la arquitectura [&hellip;]","og_url":"https:\/\/www.rcrarquitectes.es\/es\/filosofia-i-equip\/","og_site_name":"RCR Arquitectes","article_modified_time":"2025-10-20T11:54:33+00:00","twitter_card":"summary_large_image","twitter_misc":{"Tiempo de lectura":"1 minuto"},"schema":{"@context":"https:\/\/schema.org","@graph":[{"@type":"WebPage","@id":"https:\/\/www.rcrarquitectes.es\/es\/filosofia-i-equip\/","url":"https:\/\/www.rcrarquitectes.es\/es\/filosofia-i-equip\/","name":"RCR - RCR Arquitectes","isPartOf":{"@id":"https:\/\/www.rcrarquitectes.es\/#website"},"datePublished":"2022-04-13T16:00:16+00:00","dateModified":"2025-10-20T11:54:33+00:00","inLanguage":"es","potentialAction":[{"@type":"ReadAction","target":["https:\/\/www.rcrarquitectes.es\/es\/filosofia-i-equip\/"]}]},{"@type":"WebSite","@id":"https:\/\/www.rcrarquitectes.es\/#website","url":"https:\/\/www.rcrarquitectes.es\/","name":"RCR Arquitectes","description":"El universo de la creatividad compartida","potentialAction":[{"@type":"SearchAction","target":{"@type":"EntryPoint","urlTemplate":"https:\/\/www.rcrarquitectes.es\/?s={search_term_string}"},"query-input":{"@type":"PropertyValueSpecification","valueRequired":true,"valueName":"search_term_string"}}],"inLanguage":"es"}]}},"_links":{"self":[{"href":"https:\/\/www.rcrarquitectes.es\/es\/wp-json\/wp\/v2\/pages\/59","targetHints":{"allow":["GET"]}}],"collection":[{"href":"https:\/\/www.rcrarquitectes.es\/es\/wp-json\/wp\/v2\/pages"}],"about":[{"href":"https:\/\/www.rcrarquitectes.es\/es\/wp-json\/wp\/v2\/types\/page"}],"author":[{"embeddable":true,"href":"https:\/\/www.rcrarquitectes.es\/es\/wp-json\/wp\/v2\/users\/3"}],"replies":[{"embeddable":true,"href":"https:\/\/www.rcrarquitectes.es\/es\/wp-json\/wp\/v2\/comments?post=59"}],"version-history":[{"count":5,"href":"https:\/\/www.rcrarquitectes.es\/es\/wp-json\/wp\/v2\/pages\/59\/revisions"}],"predecessor-version":[{"id":11675,"href":"https:\/\/www.rcrarquitectes.es\/es\/wp-json\/wp\/v2\/pages\/59\/revisions\/11675"}],"wp:attachment":[{"href":"https:\/\/www.rcrarquitectes.es\/es\/wp-json\/wp\/v2\/media?parent=59"}],"curies":[{"name":"wp","href":"https:\/\/api.w.org\/{rel}","templated":true}]}}

<p><strong>RCR</strong><br />
<strong>El universo de la creatividad compartida</strong></p>
<p>RCR es un proyecto integrador cuyos orígenes se encuentran en la arquitectura, pero que no se limita a esta disciplina. Integra también el paisaje, el diseño, el arte y el pensamiento, convirtiéndose en un laboratorio transversal de ideas y en un espacio cultural.</p>
<p><span style="font-size: inherit;">La fuerza de la arquitectura de RCR reside en su capacidad para trascender sus raíces mediante un lenguaje universal, fruto de una profunda búsqueda de lo esencial. Esta esencia emerge para sus fundadores — Rafael Aranda, Carme Pigem y Ramon Vilalta — de la exploración del vacío y del diálogo entre lugar y arquitectura. Al mismo tiempo, nace de un proceso creativo compartido, similar al del jazz, en el que el “yo” se transforma en “nosotros”.</span></p>
<p>Esta arquitectura, nacida de la creatividad compartida, alude a valores y procesos relacionales en todos los sentidos. Se expande más allá de los límites de la disciplina con una visión holística que abarca algo mayor que la propia arquitectura: la vida. En ella, RCR ensaya que los sueños son posibles.</p>
<p>Esta visión fue reconocida con el Premio Pritzker 2017, considerado el Nobel de la Arquitectura.</p>

<p>RCR El universo de la creatividad compartida RCR es un proyecto integrador cuyos orígenes se encuentran en la arquitectura, pero que no se limita a esta disciplina. Integra también el paisaje, el diseño, el arte y el pensamiento, convirtiéndose en un laboratorio transversal de ideas y en un espacio cultural. La fuerza de la arquitectura [&hellip;]</p>

<!-- This site is optimized with the Yoast SEO plugin v27.5 - https://yoast.com/product/yoast-seo-wordpress/ -->
<title>RCR - RCR Arquitectes</title>
<meta name="robots" content="index, follow, max-snippet:-1, max-image-preview:large, max-video-preview:-1" />
<link rel="canonical" href="https://www.rcrarquitectes.es/es/filosofia-i-equip/" />
<meta property="og:locale" content="es_ES" />
<meta property="og:type" content="article" />
<meta property="og:title" content="RCR - RCR Arquitectes" />
<meta property="og:description" content="RCR El universo de la creatividad compartida RCR es un proyecto integrador cuyos orígenes se encuentran en la arquitectura, pero que no se limita a esta disciplina. Integra también el paisaje, el diseño, el arte y el pensamiento, convirtiéndose en un laboratorio transversal de ideas y en un espacio cultural. La fuerza de la arquitectura [&hellip;]" />
<meta property="og:url" content="https://www.rcrarquitectes.es/es/filosofia-i-equip/" />
<meta property="og:site_name" content="RCR Arquitectes" />
<meta property="article:modified_time" content="2025-10-20T11:54:33+00:00" />
<meta name="twitter:card" content="summary_large_image" />
<meta name="twitter:label1" content="Tiempo de lectura" />
	<meta name="twitter:data1" content="1 minuto" />
<script type="application/ld+json" class="yoast-schema-graph">{"@context":"https:\/\/schema.org","@graph":[{"@type":"WebPage","@id":"https:\/\/www.rcrarquitectes.es\/es\/filosofia-i-equip\/","url":"https:\/\/www.rcrarquitectes.es\/es\/filosofia-i-equip\/","name":"RCR - RCR Arquitectes","isPartOf":{"@id":"https:\/\/www.rcrarquitectes.es\/#website"},"datePublished":"2022-04-13T16:00:16+00:00","dateModified":"2025-10-20T11:54:33+00:00","inLanguage":"es","potentialAction":[{"@type":"ReadAction","target":["https:\/\/www.rcrarquitectes.es\/es\/filosofia-i-equip\/"]}]},{"@type":"WebSite","@id":"https:\/\/www.rcrarquitectes.es\/#website","url":"https:\/\/www.rcrarquitectes.es\/","name":"RCR Arquitectes","description":"El universo de la creatividad compartida","potentialAction":[{"@type":"SearchAction","target":{"@type":"EntryPoint","urlTemplate":"https:\/\/www.rcrarquitectes.es\/?s={search_term_string}"},"query-input":{"@type":"PropertyValueSpecification","valueRequired":true,"valueName":"search_term_string"}}],"inLanguage":"es"}]}</script>
<!-- / Yoast SEO plugin. -->

RCR El universo de la creatividad compartida RCR es un proyecto integrador cuyos orígenes se encuentran en la arquitectura, pero que no se limita a esta disciplina. Integra también el paisaje, el diseño, el arte y el pensamiento, convirtiéndose en un laboratorio transversal de ideas y en un espacio cultural. La fuerza de la arquitectura [&hellip;]
