{"id":11594,"date":"2025-06-25T18:42:04","date_gmt":"2025-06-25T16:42:04","guid":{"rendered":"https:\/\/www.rcrarquitectes.es\/products\/atmosferes\/"},"modified":"2025-06-25T18:57:38","modified_gmt":"2025-06-25T16:57:38","slug":"atmosferes","status":"publish","type":"products","link":"https:\/\/www.rcrarquitectes.es\/es\/products\/atmosferes\/","title":{"rendered":"Atmosferes"},"content":{"rendered":"<p>Textos: Francesc Xavier Puig, Antoni Puigverd, RCR Arquitectes<br \/>\nFotografias: Pep Sau<br \/>\nCoordinaci\u00f3n y concepci\u00f3n gr\u00e1fica: RCR Lab\u00b7A<br \/>\nSelecci\u00f3n de im\u00e1genes: RCR Lab\u00b7A, A.Buchner<br \/>\nIdentificaci\u00f3n de los parajes: Joan Montserrat, Emili Bassols<br \/>\nRevisi\u00f3n de los textos: A.Buchner<br \/>\nCorrecci\u00f3n catal\u00e1n: Servei de Catal\u00e0 d&#8217;Olot &#8211; la Garrotxa<br \/>\nTraducci\u00f3n de los textos: Traduform, SC<br \/>\nMaquetaci\u00f3n: RCR Lab\u00b7A, H.Aguilar<\/p>\n<p>Tapa: Dura<br \/>\nEncuadernaci\u00f3n: Cosido con tapa dura de 2,5 mm de grueso<br \/>\nFormato: 290 x 290 mm<br \/>\nInterior: Papel estucado mate 170gr<br \/>\nImpresi\u00f3n: 4+4 tintas + barniz fondo semi mate 2\/c.<br \/>\nPortada: Papel estucado mate de 150 gr, impreso a 4+0 tintas<br \/>\nImpresi\u00f3n: Impremta Pag\u00e8s<\/p>\n<p>\u00a9 de la edici\u00f3n: RCR Bunka Fundaci\u00f3 Privada<br \/>\n\u00a9 de los textos: sus autores<br \/>\n\u00a9 de las fotograf\u00edas: sus autores<\/p>\n<p>ISBN: 978-84-09-68500-4<br \/>\nDep\u00f3sito legal: GI 33-2025<br \/>\nPrimera edici\u00f3n enero 2025<\/p>\n","protected":false},"featured_media":0,"template":"","product_type":[100],"class_list":["post-11594","products","type-products","status-publish","hentry","product_type-libros"],"acf":[],"yoast_head":"<!-- This site is optimized with the Yoast SEO plugin v27.4 - https:\/\/yoast.com\/product\/yoast-seo-wordpress\/ -->\n<title>Atmosferes - RCR Arquitectes<\/title>\n<meta name=\"robots\" content=\"index, follow, max-snippet:-1, max-image-preview:large, max-video-preview:-1\" \/>\n<link rel=\"canonical\" href=\"https:\/\/www.rcrarquitectes.es\/es\/products\/atmosferes\/\" \/>\n<meta property=\"og:locale\" content=\"es_ES\" \/>\n<meta property=\"og:type\" content=\"article\" \/>\n<meta property=\"og:title\" content=\"Atmosferes - RCR Arquitectes\" \/>\n<meta property=\"og:description\" content=\"Textos: Francesc Xavier Puig, Antoni Puigverd, RCR Arquitectes Fotografias: Pep Sau Coordinaci\u00f3n y concepci\u00f3n gr\u00e1fica: RCR Lab\u00b7A Selecci\u00f3n de im\u00e1genes: RCR Lab\u00b7A, A.Buchner Identificaci\u00f3n de los parajes: Joan Montserrat, Emili Bassols Revisi\u00f3n de los textos: A.Buchner Correcci\u00f3n catal\u00e1n: Servei de Catal\u00e0 d&#8217;Olot &#8211; la Garrotxa Traducci\u00f3n de los textos: Traduform, SC Maquetaci\u00f3n: RCR Lab\u00b7A, H.Aguilar [&hellip;]\" \/>\n<meta property=\"og:url\" content=\"https:\/\/www.rcrarquitectes.es\/es\/products\/atmosferes\/\" \/>\n<meta property=\"og:site_name\" content=\"RCR Arquitectes\" \/>\n<meta property=\"article:modified_time\" content=\"2025-06-25T16:57:38+00:00\" \/>\n<meta name=\"twitter:card\" content=\"summary_large_image\" \/>\n<meta name=\"twitter:label1\" content=\"Tiempo de lectura\" \/>\n\t<meta name=\"twitter:data1\" content=\"1 minuto\" \/>\n<script type=\"application\/ld+json\" class=\"yoast-schema-graph\">{\"@context\":\"https:\\\/\\\/schema.org\",\"@graph\":[{\"@type\":\"WebPage\",\"@id\":\"https:\\\/\\\/www.rcrarquitectes.es\\\/es\\\/products\\\/atmosferes\\\/\",\"url\":\"https:\\\/\\\/www.rcrarquitectes.es\\\/es\\\/products\\\/atmosferes\\\/\",\"name\":\"Atmosferes - RCR Arquitectes\",\"isPartOf\":{\"@id\":\"https:\\\/\\\/www.rcrarquitectes.es\\\/#website\"},\"datePublished\":\"2025-06-25T16:42:04+00:00\",\"dateModified\":\"2025-06-25T16:57:38+00:00\",\"breadcrumb\":{\"@id\":\"https:\\\/\\\/www.rcrarquitectes.es\\\/es\\\/products\\\/atmosferes\\\/#breadcrumb\"},\"inLanguage\":\"es\",\"potentialAction\":[{\"@type\":\"ReadAction\",\"target\":[\"https:\\\/\\\/www.rcrarquitectes.es\\\/es\\\/products\\\/atmosferes\\\/\"]}]},{\"@type\":\"BreadcrumbList\",\"@id\":\"https:\\\/\\\/www.rcrarquitectes.es\\\/es\\\/products\\\/atmosferes\\\/#breadcrumb\",\"itemListElement\":[{\"@type\":\"ListItem\",\"position\":1,\"name\":\"Productes\",\"item\":\"https:\\\/\\\/www.rcrarquitectes.es\\\/products\\\/\"},{\"@type\":\"ListItem\",\"position\":2,\"name\":\"Atmosferes\"}]},{\"@type\":\"WebSite\",\"@id\":\"https:\\\/\\\/www.rcrarquitectes.es\\\/#website\",\"url\":\"https:\\\/\\\/www.rcrarquitectes.es\\\/\",\"name\":\"RCR Arquitectes\",\"description\":\"El universo de la creatividad compartida\",\"potentialAction\":[{\"@type\":\"SearchAction\",\"target\":{\"@type\":\"EntryPoint\",\"urlTemplate\":\"https:\\\/\\\/www.rcrarquitectes.es\\\/?s={search_term_string}\"},\"query-input\":{\"@type\":\"PropertyValueSpecification\",\"valueRequired\":true,\"valueName\":\"search_term_string\"}}],\"inLanguage\":\"es\"}]}<\/script>\n<!-- \/ Yoast SEO plugin. -->","yoast_head_json":{"title":"Atmosferes - RCR Arquitectes","robots":{"index":"index","follow":"follow","max-snippet":"max-snippet:-1","max-image-preview":"max-image-preview:large","max-video-preview":"max-video-preview:-1"},"canonical":"https:\/\/www.rcrarquitectes.es\/es\/products\/atmosferes\/","og_locale":"es_ES","og_type":"article","og_title":"Atmosferes - RCR Arquitectes","og_description":"Textos: Francesc Xavier Puig, Antoni Puigverd, RCR Arquitectes Fotografias: Pep Sau Coordinaci\u00f3n y concepci\u00f3n gr\u00e1fica: RCR Lab\u00b7A Selecci\u00f3n de im\u00e1genes: RCR Lab\u00b7A, A.Buchner Identificaci\u00f3n de los parajes: Joan Montserrat, Emili Bassols Revisi\u00f3n de los textos: A.Buchner Correcci\u00f3n catal\u00e1n: Servei de Catal\u00e0 d&#8217;Olot &#8211; la Garrotxa Traducci\u00f3n de los textos: Traduform, SC Maquetaci\u00f3n: RCR Lab\u00b7A, H.Aguilar [&hellip;]","og_url":"https:\/\/www.rcrarquitectes.es\/es\/products\/atmosferes\/","og_site_name":"RCR Arquitectes","article_modified_time":"2025-06-25T16:57:38+00:00","twitter_card":"summary_large_image","twitter_misc":{"Tiempo de lectura":"1 minuto"},"schema":{"@context":"https:\/\/schema.org","@graph":[{"@type":"WebPage","@id":"https:\/\/www.rcrarquitectes.es\/es\/products\/atmosferes\/","url":"https:\/\/www.rcrarquitectes.es\/es\/products\/atmosferes\/","name":"Atmosferes - RCR Arquitectes","isPartOf":{"@id":"https:\/\/www.rcrarquitectes.es\/#website"},"datePublished":"2025-06-25T16:42:04+00:00","dateModified":"2025-06-25T16:57:38+00:00","breadcrumb":{"@id":"https:\/\/www.rcrarquitectes.es\/es\/products\/atmosferes\/#breadcrumb"},"inLanguage":"es","potentialAction":[{"@type":"ReadAction","target":["https:\/\/www.rcrarquitectes.es\/es\/products\/atmosferes\/"]}]},{"@type":"BreadcrumbList","@id":"https:\/\/www.rcrarquitectes.es\/es\/products\/atmosferes\/#breadcrumb","itemListElement":[{"@type":"ListItem","position":1,"name":"Productes","item":"https:\/\/www.rcrarquitectes.es\/products\/"},{"@type":"ListItem","position":2,"name":"Atmosferes"}]},{"@type":"WebSite","@id":"https:\/\/www.rcrarquitectes.es\/#website","url":"https:\/\/www.rcrarquitectes.es\/","name":"RCR Arquitectes","description":"El universo de la creatividad compartida","potentialAction":[{"@type":"SearchAction","target":{"@type":"EntryPoint","urlTemplate":"https:\/\/www.rcrarquitectes.es\/?s={search_term_string}"},"query-input":{"@type":"PropertyValueSpecification","valueRequired":true,"valueName":"search_term_string"}}],"inLanguage":"es"}]}},"_links":{"self":[{"href":"https:\/\/www.rcrarquitectes.es\/es\/wp-json\/wp\/v2\/products\/11594","targetHints":{"allow":["GET"]}}],"collection":[{"href":"https:\/\/www.rcrarquitectes.es\/es\/wp-json\/wp\/v2\/products"}],"about":[{"href":"https:\/\/www.rcrarquitectes.es\/es\/wp-json\/wp\/v2\/types\/products"}],"wp:attachment":[{"href":"https:\/\/www.rcrarquitectes.es\/es\/wp-json\/wp\/v2\/media?parent=11594"}],"wp:term":[{"taxonomy":"product_type","embeddable":true,"href":"https:\/\/www.rcrarquitectes.es\/es\/wp-json\/wp\/v2\/product_type?post=11594"}],"curies":[{"name":"wp","href":"https:\/\/api.w.org\/{rel}","templated":true}]}}

<p>Textos: Francesc Xavier Puig, Antoni Puigverd, RCR Arquitectes<br />
Fotografias: Pep Sau<br />
Coordinación y concepción gráfica: RCR Lab·A<br />
Selección de imágenes: RCR Lab·A, A.Buchner<br />
Identificación de los parajes: Joan Montserrat, Emili Bassols<br />
Revisión de los textos: A.Buchner<br />
Corrección catalán: Servei de Català d&#8217;Olot &#8211; la Garrotxa<br />
Traducción de los textos: Traduform, SC<br />
Maquetación: RCR Lab·A, H.Aguilar</p>
<p>Tapa: Dura<br />
Encuadernación: Cosido con tapa dura de 2,5 mm de grueso<br />
Formato: 290 x 290 mm<br />
Interior: Papel estucado mate 170gr<br />
Impresión: 4+4 tintas + barniz fondo semi mate 2/c.<br />
Portada: Papel estucado mate de 150 gr, impreso a 4+0 tintas<br />
Impresión: Impremta Pagès</p>
<p>© de la edición: RCR Bunka Fundació Privada<br />
© de los textos: sus autores<br />
© de las fotografías: sus autores</p>
<p>ISBN: 978-84-09-68500-4<br />
Depósito legal: GI 33-2025<br />
Primera edición enero 2025</p>

<!-- This site is optimized with the Yoast SEO plugin v27.4 - https://yoast.com/product/yoast-seo-wordpress/ -->
<title>Atmosferes - RCR Arquitectes</title>
<meta name="robots" content="index, follow, max-snippet:-1, max-image-preview:large, max-video-preview:-1" />
<link rel="canonical" href="https://www.rcrarquitectes.es/es/products/atmosferes/" />
<meta property="og:locale" content="es_ES" />
<meta property="og:type" content="article" />
<meta property="og:title" content="Atmosferes - RCR Arquitectes" />
<meta property="og:description" content="Textos: Francesc Xavier Puig, Antoni Puigverd, RCR Arquitectes Fotografias: Pep Sau Coordinación y concepción gráfica: RCR Lab·A Selección de imágenes: RCR Lab·A, A.Buchner Identificación de los parajes: Joan Montserrat, Emili Bassols Revisión de los textos: A.Buchner Corrección catalán: Servei de Català d&#8217;Olot &#8211; la Garrotxa Traducción de los textos: Traduform, SC Maquetación: RCR Lab·A, H.Aguilar [&hellip;]" />
<meta property="og:url" content="https://www.rcrarquitectes.es/es/products/atmosferes/" />
<meta property="og:site_name" content="RCR Arquitectes" />
<meta property="article:modified_time" content="2025-06-25T16:57:38+00:00" />
<meta name="twitter:card" content="summary_large_image" />
<meta name="twitter:label1" content="Tiempo de lectura" />
	<meta name="twitter:data1" content="1 minuto" />
<script type="application/ld+json" class="yoast-schema-graph">{"@context":"https:\/\/schema.org","@graph":[{"@type":"WebPage","@id":"https:\/\/www.rcrarquitectes.es\/es\/products\/atmosferes\/","url":"https:\/\/www.rcrarquitectes.es\/es\/products\/atmosferes\/","name":"Atmosferes - RCR Arquitectes","isPartOf":{"@id":"https:\/\/www.rcrarquitectes.es\/#website"},"datePublished":"2025-06-25T16:42:04+00:00","dateModified":"2025-06-25T16:57:38+00:00","breadcrumb":{"@id":"https:\/\/www.rcrarquitectes.es\/es\/products\/atmosferes\/#breadcrumb"},"inLanguage":"es","potentialAction":[{"@type":"ReadAction","target":["https:\/\/www.rcrarquitectes.es\/es\/products\/atmosferes\/"]}]},{"@type":"BreadcrumbList","@id":"https:\/\/www.rcrarquitectes.es\/es\/products\/atmosferes\/#breadcrumb","itemListElement":[{"@type":"ListItem","position":1,"name":"Productes","item":"https:\/\/www.rcrarquitectes.es\/products\/"},{"@type":"ListItem","position":2,"name":"Atmosferes"}]},{"@type":"WebSite","@id":"https:\/\/www.rcrarquitectes.es\/#website","url":"https:\/\/www.rcrarquitectes.es\/","name":"RCR Arquitectes","description":"El universo de la creatividad compartida","potentialAction":[{"@type":"SearchAction","target":{"@type":"EntryPoint","urlTemplate":"https:\/\/www.rcrarquitectes.es\/?s={search_term_string}"},"query-input":{"@type":"PropertyValueSpecification","valueRequired":true,"valueName":"search_term_string"}}],"inLanguage":"es"}]}</script>
<!-- / Yoast SEO plugin. -->

Textos: Francesc Xavier Puig, Antoni Puigverd, RCR Arquitectes Fotografias: Pep Sau Coordinación y concepción gráfica: RCR Lab·A Selección de imágenes: RCR Lab·A, A.Buchner Identificación de los parajes: Joan Montserrat, Emili Bassols Revisión de los textos: A.Buchner Corrección catalán: Servei de Català d&#8217;Olot &#8211; la Garrotxa Traducción de los textos: Traduform, SC Maquetación: RCR Lab·A, H.Aguilar [&hellip;]
