{"id":8089,"date":"2022-10-06T15:44:09","date_gmt":"2022-10-06T13:44:09","guid":{"rendered":"https:\/\/www.rcrarquitectes.es\/products\/exfoliacions-1988-99-aranda-pigem-vilalta\/"},"modified":"2023-02-22T00:38:11","modified_gmt":"2023-02-21T22:38:11","slug":"exfoliacions-1988-99-aranda-pigem-vilalta","status":"publish","type":"products","link":"https:\/\/www.rcrarquitectes.es\/es\/products\/exfoliacions-1988-99-aranda-pigem-vilalta\/","title":{"rendered":"Exfoliacions 1988-99 Aranda Pigem Vilalta"},"content":{"rendered":"<p>Textos: Josep Maria Montaner, Arcadi Calzada, Marc Checinski, RCR<br \/>\nFotograf\u00edas: Eugeni Pons, Marc Checinski, Enric Roca, Hisao Suzuki, Katsuhisa Kida, Archivo RCR<br \/>\nAsesoramiento ling\u00fc\u00edstico: Teresa Planagum\u00e0<br \/>\nDise\u00f1o gr\u00e1fico y coordinaci\u00f3n : Miquel Subir\u00e0s, RCR<\/p>\n<p>Tapa: R\u00fastica<br \/>\nEncuadernaci\u00f3n: R\u00fastica cosida y encolada<br \/>\nFormato: 270 x 240 mm<br \/>\nImpresi\u00f3n: Impremta Aubert<\/p>\n<p>\u00a9 de la edici\u00f3n: Fundaci\u00f3n Caixa de Girona<br \/>\n\u00a9 de los textos y fotograf\u00edas: sus autores<\/p>\n<p>Dep\u00f3sito legal: GI-1044-99<br \/>\nISBN: 84-922264-6-3<\/p>\n","protected":false},"featured_media":6516,"template":"","product_type":[100],"class_list":["post-8089","products","type-products","status-publish","has-post-thumbnail","hentry","product_type-libros"],"acf":[],"yoast_head":"<!-- This site is optimized with the Yoast SEO plugin v27.4 - https:\/\/yoast.com\/product\/yoast-seo-wordpress\/ -->\n<title>Exfoliacions 1988-99 Aranda Pigem Vilalta - RCR Arquitectes<\/title>\n<meta name=\"robots\" content=\"index, follow, max-snippet:-1, max-image-preview:large, max-video-preview:-1\" \/>\n<link rel=\"canonical\" href=\"https:\/\/www.rcrarquitectes.es\/es\/products\/exfoliacions-1988-99-aranda-pigem-vilalta\/\" \/>\n<meta property=\"og:locale\" content=\"es_ES\" \/>\n<meta property=\"og:type\" content=\"article\" \/>\n<meta property=\"og:title\" content=\"Exfoliacions 1988-99 Aranda Pigem Vilalta - RCR Arquitectes\" \/>\n<meta property=\"og:description\" content=\"Textos: Josep Maria Montaner, Arcadi Calzada, Marc Checinski, RCR Fotograf\u00edas: Eugeni Pons, Marc Checinski, Enric Roca, Hisao Suzuki, Katsuhisa Kida, Archivo RCR Asesoramiento ling\u00fc\u00edstico: Teresa Planagum\u00e0 Dise\u00f1o gr\u00e1fico y coordinaci\u00f3n : Miquel Subir\u00e0s, RCR Tapa: R\u00fastica Encuadernaci\u00f3n: R\u00fastica cosida y encolada Formato: 270 x 240 mm Impresi\u00f3n: Impremta Aubert \u00a9 de la edici\u00f3n: Fundaci\u00f3n Caixa [&hellip;]\" \/>\n<meta property=\"og:url\" content=\"https:\/\/www.rcrarquitectes.es\/es\/products\/exfoliacions-1988-99-aranda-pigem-vilalta\/\" \/>\n<meta property=\"og:site_name\" content=\"RCR Arquitectes\" \/>\n<meta property=\"article:modified_time\" content=\"2023-02-21T22:38:11+00:00\" \/>\n<meta property=\"og:image\" content=\"https:\/\/www.rcrarquitectes.es\/wp-content\/uploads\/2022\/03\/B151_Exfoliacions_240x272-scaled.jpg\" \/>\n\t<meta property=\"og:image:width\" content=\"2259\" \/>\n\t<meta property=\"og:image:height\" content=\"2560\" \/>\n\t<meta property=\"og:image:type\" content=\"image\/jpeg\" \/>\n<meta name=\"twitter:card\" content=\"summary_large_image\" \/>\n<script type=\"application\/ld+json\" class=\"yoast-schema-graph\">{\"@context\":\"https:\\\/\\\/schema.org\",\"@graph\":[{\"@type\":\"WebPage\",\"@id\":\"https:\\\/\\\/www.rcrarquitectes.es\\\/es\\\/products\\\/exfoliacions-1988-99-aranda-pigem-vilalta\\\/\",\"url\":\"https:\\\/\\\/www.rcrarquitectes.es\\\/es\\\/products\\\/exfoliacions-1988-99-aranda-pigem-vilalta\\\/\",\"name\":\"Exfoliacions 1988-99 Aranda Pigem Vilalta - RCR Arquitectes\",\"isPartOf\":{\"@id\":\"https:\\\/\\\/www.rcrarquitectes.es\\\/#website\"},\"primaryImageOfPage\":{\"@id\":\"https:\\\/\\\/www.rcrarquitectes.es\\\/es\\\/products\\\/exfoliacions-1988-99-aranda-pigem-vilalta\\\/#primaryimage\"},\"image\":{\"@id\":\"https:\\\/\\\/www.rcrarquitectes.es\\\/es\\\/products\\\/exfoliacions-1988-99-aranda-pigem-vilalta\\\/#primaryimage\"},\"thumbnailUrl\":\"https:\\\/\\\/www.rcrarquitectes.es\\\/wp-content\\\/uploads\\\/2022\\\/03\\\/B151_Exfoliacions_240x272-scaled.jpg\",\"datePublished\":\"2022-10-06T13:44:09+00:00\",\"dateModified\":\"2023-02-21T22:38:11+00:00\",\"breadcrumb\":{\"@id\":\"https:\\\/\\\/www.rcrarquitectes.es\\\/es\\\/products\\\/exfoliacions-1988-99-aranda-pigem-vilalta\\\/#breadcrumb\"},\"inLanguage\":\"es\",\"potentialAction\":[{\"@type\":\"ReadAction\",\"target\":[\"https:\\\/\\\/www.rcrarquitectes.es\\\/es\\\/products\\\/exfoliacions-1988-99-aranda-pigem-vilalta\\\/\"]}]},{\"@type\":\"ImageObject\",\"inLanguage\":\"es\",\"@id\":\"https:\\\/\\\/www.rcrarquitectes.es\\\/es\\\/products\\\/exfoliacions-1988-99-aranda-pigem-vilalta\\\/#primaryimage\",\"url\":\"https:\\\/\\\/www.rcrarquitectes.es\\\/wp-content\\\/uploads\\\/2022\\\/03\\\/B151_Exfoliacions_240x272-scaled.jpg\",\"contentUrl\":\"https:\\\/\\\/www.rcrarquitectes.es\\\/wp-content\\\/uploads\\\/2022\\\/03\\\/B151_Exfoliacions_240x272-scaled.jpg\",\"width\":2259,\"height\":2560},{\"@type\":\"BreadcrumbList\",\"@id\":\"https:\\\/\\\/www.rcrarquitectes.es\\\/es\\\/products\\\/exfoliacions-1988-99-aranda-pigem-vilalta\\\/#breadcrumb\",\"itemListElement\":[{\"@type\":\"ListItem\",\"position\":1,\"name\":\"Productes\",\"item\":\"https:\\\/\\\/www.rcrarquitectes.es\\\/products\\\/\"},{\"@type\":\"ListItem\",\"position\":2,\"name\":\"Exfoliacions 1988-99 Aranda Pigem Vilalta\"}]},{\"@type\":\"WebSite\",\"@id\":\"https:\\\/\\\/www.rcrarquitectes.es\\\/#website\",\"url\":\"https:\\\/\\\/www.rcrarquitectes.es\\\/\",\"name\":\"RCR Arquitectes\",\"description\":\"El universo de la creatividad compartida\",\"potentialAction\":[{\"@type\":\"SearchAction\",\"target\":{\"@type\":\"EntryPoint\",\"urlTemplate\":\"https:\\\/\\\/www.rcrarquitectes.es\\\/?s={search_term_string}\"},\"query-input\":{\"@type\":\"PropertyValueSpecification\",\"valueRequired\":true,\"valueName\":\"search_term_string\"}}],\"inLanguage\":\"es\"}]}<\/script>\n<!-- \/ Yoast SEO plugin. -->","yoast_head_json":{"title":"Exfoliacions 1988-99 Aranda Pigem Vilalta - RCR Arquitectes","robots":{"index":"index","follow":"follow","max-snippet":"max-snippet:-1","max-image-preview":"max-image-preview:large","max-video-preview":"max-video-preview:-1"},"canonical":"https:\/\/www.rcrarquitectes.es\/es\/products\/exfoliacions-1988-99-aranda-pigem-vilalta\/","og_locale":"es_ES","og_type":"article","og_title":"Exfoliacions 1988-99 Aranda Pigem Vilalta - RCR Arquitectes","og_description":"Textos: Josep Maria Montaner, Arcadi Calzada, Marc Checinski, RCR Fotograf\u00edas: Eugeni Pons, Marc Checinski, Enric Roca, Hisao Suzuki, Katsuhisa Kida, Archivo RCR Asesoramiento ling\u00fc\u00edstico: Teresa Planagum\u00e0 Dise\u00f1o gr\u00e1fico y coordinaci\u00f3n : Miquel Subir\u00e0s, RCR Tapa: R\u00fastica Encuadernaci\u00f3n: R\u00fastica cosida y encolada Formato: 270 x 240 mm Impresi\u00f3n: Impremta Aubert \u00a9 de la edici\u00f3n: Fundaci\u00f3n Caixa [&hellip;]","og_url":"https:\/\/www.rcrarquitectes.es\/es\/products\/exfoliacions-1988-99-aranda-pigem-vilalta\/","og_site_name":"RCR Arquitectes","article_modified_time":"2023-02-21T22:38:11+00:00","og_image":[{"width":2259,"height":2560,"url":"https:\/\/www.rcrarquitectes.es\/wp-content\/uploads\/2022\/03\/B151_Exfoliacions_240x272-scaled.jpg","type":"image\/jpeg"}],"twitter_card":"summary_large_image","schema":{"@context":"https:\/\/schema.org","@graph":[{"@type":"WebPage","@id":"https:\/\/www.rcrarquitectes.es\/es\/products\/exfoliacions-1988-99-aranda-pigem-vilalta\/","url":"https:\/\/www.rcrarquitectes.es\/es\/products\/exfoliacions-1988-99-aranda-pigem-vilalta\/","name":"Exfoliacions 1988-99 Aranda Pigem Vilalta - RCR Arquitectes","isPartOf":{"@id":"https:\/\/www.rcrarquitectes.es\/#website"},"primaryImageOfPage":{"@id":"https:\/\/www.rcrarquitectes.es\/es\/products\/exfoliacions-1988-99-aranda-pigem-vilalta\/#primaryimage"},"image":{"@id":"https:\/\/www.rcrarquitectes.es\/es\/products\/exfoliacions-1988-99-aranda-pigem-vilalta\/#primaryimage"},"thumbnailUrl":"https:\/\/www.rcrarquitectes.es\/wp-content\/uploads\/2022\/03\/B151_Exfoliacions_240x272-scaled.jpg","datePublished":"2022-10-06T13:44:09+00:00","dateModified":"2023-02-21T22:38:11+00:00","breadcrumb":{"@id":"https:\/\/www.rcrarquitectes.es\/es\/products\/exfoliacions-1988-99-aranda-pigem-vilalta\/#breadcrumb"},"inLanguage":"es","potentialAction":[{"@type":"ReadAction","target":["https:\/\/www.rcrarquitectes.es\/es\/products\/exfoliacions-1988-99-aranda-pigem-vilalta\/"]}]},{"@type":"ImageObject","inLanguage":"es","@id":"https:\/\/www.rcrarquitectes.es\/es\/products\/exfoliacions-1988-99-aranda-pigem-vilalta\/#primaryimage","url":"https:\/\/www.rcrarquitectes.es\/wp-content\/uploads\/2022\/03\/B151_Exfoliacions_240x272-scaled.jpg","contentUrl":"https:\/\/www.rcrarquitectes.es\/wp-content\/uploads\/2022\/03\/B151_Exfoliacions_240x272-scaled.jpg","width":2259,"height":2560},{"@type":"BreadcrumbList","@id":"https:\/\/www.rcrarquitectes.es\/es\/products\/exfoliacions-1988-99-aranda-pigem-vilalta\/#breadcrumb","itemListElement":[{"@type":"ListItem","position":1,"name":"Productes","item":"https:\/\/www.rcrarquitectes.es\/products\/"},{"@type":"ListItem","position":2,"name":"Exfoliacions 1988-99 Aranda Pigem Vilalta"}]},{"@type":"WebSite","@id":"https:\/\/www.rcrarquitectes.es\/#website","url":"https:\/\/www.rcrarquitectes.es\/","name":"RCR Arquitectes","description":"El universo de la creatividad compartida","potentialAction":[{"@type":"SearchAction","target":{"@type":"EntryPoint","urlTemplate":"https:\/\/www.rcrarquitectes.es\/?s={search_term_string}"},"query-input":{"@type":"PropertyValueSpecification","valueRequired":true,"valueName":"search_term_string"}}],"inLanguage":"es"}]}},"_links":{"self":[{"href":"https:\/\/www.rcrarquitectes.es\/es\/wp-json\/wp\/v2\/products\/8089","targetHints":{"allow":["GET"]}}],"collection":[{"href":"https:\/\/www.rcrarquitectes.es\/es\/wp-json\/wp\/v2\/products"}],"about":[{"href":"https:\/\/www.rcrarquitectes.es\/es\/wp-json\/wp\/v2\/types\/products"}],"wp:featuredmedia":[{"embeddable":true,"href":"https:\/\/www.rcrarquitectes.es\/es\/wp-json\/wp\/v2\/media\/6516"}],"wp:attachment":[{"href":"https:\/\/www.rcrarquitectes.es\/es\/wp-json\/wp\/v2\/media?parent=8089"}],"wp:term":[{"taxonomy":"product_type","embeddable":true,"href":"https:\/\/www.rcrarquitectes.es\/es\/wp-json\/wp\/v2\/product_type?post=8089"}],"curies":[{"name":"wp","href":"https:\/\/api.w.org\/{rel}","templated":true}]}}

<p>Textos: Josep Maria Montaner, Arcadi Calzada, Marc Checinski, RCR<br />
Fotografías: Eugeni Pons, Marc Checinski, Enric Roca, Hisao Suzuki, Katsuhisa Kida, Archivo RCR<br />
Asesoramiento lingüístico: Teresa Planagumà<br />
Diseño gráfico y coordinación : Miquel Subiràs, RCR</p>
<p>Tapa: Rústica<br />
Encuadernación: Rústica cosida y encolada<br />
Formato: 270 x 240 mm<br />
Impresión: Impremta Aubert</p>
<p>© de la edición: Fundación Caixa de Girona<br />
© de los textos y fotografías: sus autores</p>
<p>Depósito legal: GI-1044-99<br />
ISBN: 84-922264-6-3</p>

<!-- This site is optimized with the Yoast SEO plugin v27.4 - https://yoast.com/product/yoast-seo-wordpress/ -->
<title>Exfoliacions 1988-99 Aranda Pigem Vilalta - RCR Arquitectes</title>
<meta name="robots" content="index, follow, max-snippet:-1, max-image-preview:large, max-video-preview:-1" />
<link rel="canonical" href="https://www.rcrarquitectes.es/es/products/exfoliacions-1988-99-aranda-pigem-vilalta/" />
<meta property="og:locale" content="es_ES" />
<meta property="og:type" content="article" />
<meta property="og:title" content="Exfoliacions 1988-99 Aranda Pigem Vilalta - RCR Arquitectes" />
<meta property="og:description" content="Textos: Josep Maria Montaner, Arcadi Calzada, Marc Checinski, RCR Fotografías: Eugeni Pons, Marc Checinski, Enric Roca, Hisao Suzuki, Katsuhisa Kida, Archivo RCR Asesoramiento lingüístico: Teresa Planagumà Diseño gráfico y coordinación : Miquel Subiràs, RCR Tapa: Rústica Encuadernación: Rústica cosida y encolada Formato: 270 x 240 mm Impresión: Impremta Aubert © de la edición: Fundación Caixa [&hellip;]" />
<meta property="og:url" content="https://www.rcrarquitectes.es/es/products/exfoliacions-1988-99-aranda-pigem-vilalta/" />
<meta property="og:site_name" content="RCR Arquitectes" />
<meta property="article:modified_time" content="2023-02-21T22:38:11+00:00" />
<meta property="og:image" content="https://www.rcrarquitectes.es/wp-content/uploads/2022/03/B151_Exfoliacions_240x272-scaled.jpg" />
	<meta property="og:image:width" content="2259" />
	<meta property="og:image:height" content="2560" />
	<meta property="og:image:type" content="image/jpeg" />
<meta name="twitter:card" content="summary_large_image" />
<script type="application/ld+json" class="yoast-schema-graph">{"@context":"https:\/\/schema.org","@graph":[{"@type":"WebPage","@id":"https:\/\/www.rcrarquitectes.es\/es\/products\/exfoliacions-1988-99-aranda-pigem-vilalta\/","url":"https:\/\/www.rcrarquitectes.es\/es\/products\/exfoliacions-1988-99-aranda-pigem-vilalta\/","name":"Exfoliacions 1988-99 Aranda Pigem Vilalta - RCR Arquitectes","isPartOf":{"@id":"https:\/\/www.rcrarquitectes.es\/#website"},"primaryImageOfPage":{"@id":"https:\/\/www.rcrarquitectes.es\/es\/products\/exfoliacions-1988-99-aranda-pigem-vilalta\/#primaryimage"},"image":{"@id":"https:\/\/www.rcrarquitectes.es\/es\/products\/exfoliacions-1988-99-aranda-pigem-vilalta\/#primaryimage"},"thumbnailUrl":"https:\/\/www.rcrarquitectes.es\/wp-content\/uploads\/2022\/03\/B151_Exfoliacions_240x272-scaled.jpg","datePublished":"2022-10-06T13:44:09+00:00","dateModified":"2023-02-21T22:38:11+00:00","breadcrumb":{"@id":"https:\/\/www.rcrarquitectes.es\/es\/products\/exfoliacions-1988-99-aranda-pigem-vilalta\/#breadcrumb"},"inLanguage":"es","potentialAction":[{"@type":"ReadAction","target":["https:\/\/www.rcrarquitectes.es\/es\/products\/exfoliacions-1988-99-aranda-pigem-vilalta\/"]}]},{"@type":"ImageObject","inLanguage":"es","@id":"https:\/\/www.rcrarquitectes.es\/es\/products\/exfoliacions-1988-99-aranda-pigem-vilalta\/#primaryimage","url":"https:\/\/www.rcrarquitectes.es\/wp-content\/uploads\/2022\/03\/B151_Exfoliacions_240x272-scaled.jpg","contentUrl":"https:\/\/www.rcrarquitectes.es\/wp-content\/uploads\/2022\/03\/B151_Exfoliacions_240x272-scaled.jpg","width":2259,"height":2560},{"@type":"BreadcrumbList","@id":"https:\/\/www.rcrarquitectes.es\/es\/products\/exfoliacions-1988-99-aranda-pigem-vilalta\/#breadcrumb","itemListElement":[{"@type":"ListItem","position":1,"name":"Productes","item":"https:\/\/www.rcrarquitectes.es\/products\/"},{"@type":"ListItem","position":2,"name":"Exfoliacions 1988-99 Aranda Pigem Vilalta"}]},{"@type":"WebSite","@id":"https:\/\/www.rcrarquitectes.es\/#website","url":"https:\/\/www.rcrarquitectes.es\/","name":"RCR Arquitectes","description":"El universo de la creatividad compartida","potentialAction":[{"@type":"SearchAction","target":{"@type":"EntryPoint","urlTemplate":"https:\/\/www.rcrarquitectes.es\/?s={search_term_string}"},"query-input":{"@type":"PropertyValueSpecification","valueRequired":true,"valueName":"search_term_string"}}],"inLanguage":"es"}]}</script>
<!-- / Yoast SEO plugin. -->

Textos: Josep Maria Montaner, Arcadi Calzada, Marc Checinski, RCR Fotografías: Eugeni Pons, Marc Checinski, Enric Roca, Hisao Suzuki, Katsuhisa Kida, Archivo RCR Asesoramiento lingüístico: Teresa Planagumà Diseño gráfico y coordinación : Miquel Subiràs, RCR Tapa: Rústica Encuadernación: Rústica cosida y encolada Formato: 270 x 240 mm Impresión: Impremta Aubert © de la edición: Fundación Caixa [&hellip;]
