{"id":8090,"date":"2022-10-06T15:45:40","date_gmt":"2022-10-06T13:45:40","guid":{"rendered":"https:\/\/www.rcrarquitectes.es\/products\/works-1988-98-aranda-pigem-vilalta-architects\/"},"modified":"2023-02-22T00:38:31","modified_gmt":"2023-02-21T22:38:31","slug":"works-1988-98-aranda-pigem-vilalta-architects","status":"publish","type":"products","link":"https:\/\/www.rcrarquitectes.es\/es\/products\/works-1988-98-aranda-pigem-vilalta-architects\/","title":{"rendered":"Works 1988-98 Aranda Pigem Vilalta Architects"},"content":{"rendered":"<p>Fotograf\u00edas: Marc Checinski, RCR Arquitectes, Enric Roca, Eugeni Pons, Ferran Freixa, Pep Call\u00eds, Katsuhisa Kida, Hisao Suzuki<br \/>\nDise\u00f1o gr\u00e1fico: RCR Aranda Pigem Vilalta Arquitectes, Llotja de disseny<\/p>\n<p>Tapa: R\u00fastica<br \/>\nEncuadernaci\u00f3n: R\u00fastica cosida y encolada<br \/>\nFormato: 270 x 240 mm<\/p>\n<p>\u00a9 de la edici\u00f3n: Ciritoria y RCR Bunka Fundaci\u00f3n Privada<br \/>\n\u00a9 de las fotograf\u00edas: sus autores<\/p>\n","protected":false},"featured_media":0,"template":"","product_type":[100],"class_list":["post-8090","products","type-products","status-publish","hentry","product_type-libros"],"acf":[],"yoast_head":"<!-- This site is optimized with the Yoast SEO plugin v27.4 - https:\/\/yoast.com\/product\/yoast-seo-wordpress\/ -->\n<title>Works 1988-98 Aranda Pigem Vilalta Architects - RCR Arquitectes<\/title>\n<meta name=\"robots\" content=\"index, follow, max-snippet:-1, max-image-preview:large, max-video-preview:-1\" \/>\n<link rel=\"canonical\" href=\"https:\/\/www.rcrarquitectes.es\/es\/products\/works-1988-98-aranda-pigem-vilalta-architects\/\" \/>\n<meta property=\"og:locale\" content=\"es_ES\" \/>\n<meta property=\"og:type\" content=\"article\" \/>\n<meta property=\"og:title\" content=\"Works 1988-98 Aranda Pigem Vilalta Architects - RCR Arquitectes\" \/>\n<meta property=\"og:description\" content=\"Fotograf\u00edas: Marc Checinski, RCR Arquitectes, Enric Roca, Eugeni Pons, Ferran Freixa, Pep Call\u00eds, Katsuhisa Kida, Hisao Suzuki Dise\u00f1o gr\u00e1fico: RCR Aranda Pigem Vilalta Arquitectes, Llotja de disseny Tapa: R\u00fastica Encuadernaci\u00f3n: R\u00fastica cosida y encolada Formato: 270 x 240 mm \u00a9 de la edici\u00f3n: Ciritoria y RCR Bunka Fundaci\u00f3n Privada \u00a9 de las fotograf\u00edas: sus autores\" \/>\n<meta property=\"og:url\" content=\"https:\/\/www.rcrarquitectes.es\/es\/products\/works-1988-98-aranda-pigem-vilalta-architects\/\" \/>\n<meta property=\"og:site_name\" content=\"RCR Arquitectes\" \/>\n<meta property=\"article:modified_time\" content=\"2023-02-21T22:38:31+00:00\" \/>\n<meta name=\"twitter:card\" content=\"summary_large_image\" \/>\n<script type=\"application\/ld+json\" class=\"yoast-schema-graph\">{\"@context\":\"https:\\\/\\\/schema.org\",\"@graph\":[{\"@type\":\"WebPage\",\"@id\":\"https:\\\/\\\/www.rcrarquitectes.es\\\/es\\\/products\\\/works-1988-98-aranda-pigem-vilalta-architects\\\/\",\"url\":\"https:\\\/\\\/www.rcrarquitectes.es\\\/es\\\/products\\\/works-1988-98-aranda-pigem-vilalta-architects\\\/\",\"name\":\"Works 1988-98 Aranda Pigem Vilalta Architects - RCR Arquitectes\",\"isPartOf\":{\"@id\":\"https:\\\/\\\/www.rcrarquitectes.es\\\/#website\"},\"datePublished\":\"2022-10-06T13:45:40+00:00\",\"dateModified\":\"2023-02-21T22:38:31+00:00\",\"breadcrumb\":{\"@id\":\"https:\\\/\\\/www.rcrarquitectes.es\\\/es\\\/products\\\/works-1988-98-aranda-pigem-vilalta-architects\\\/#breadcrumb\"},\"inLanguage\":\"es\",\"potentialAction\":[{\"@type\":\"ReadAction\",\"target\":[\"https:\\\/\\\/www.rcrarquitectes.es\\\/es\\\/products\\\/works-1988-98-aranda-pigem-vilalta-architects\\\/\"]}]},{\"@type\":\"BreadcrumbList\",\"@id\":\"https:\\\/\\\/www.rcrarquitectes.es\\\/es\\\/products\\\/works-1988-98-aranda-pigem-vilalta-architects\\\/#breadcrumb\",\"itemListElement\":[{\"@type\":\"ListItem\",\"position\":1,\"name\":\"Productes\",\"item\":\"https:\\\/\\\/www.rcrarquitectes.es\\\/products\\\/\"},{\"@type\":\"ListItem\",\"position\":2,\"name\":\"Works 1988-98 Aranda Pigem Vilalta Architects\"}]},{\"@type\":\"WebSite\",\"@id\":\"https:\\\/\\\/www.rcrarquitectes.es\\\/#website\",\"url\":\"https:\\\/\\\/www.rcrarquitectes.es\\\/\",\"name\":\"RCR Arquitectes\",\"description\":\"El universo de la creatividad compartida\",\"potentialAction\":[{\"@type\":\"SearchAction\",\"target\":{\"@type\":\"EntryPoint\",\"urlTemplate\":\"https:\\\/\\\/www.rcrarquitectes.es\\\/?s={search_term_string}\"},\"query-input\":{\"@type\":\"PropertyValueSpecification\",\"valueRequired\":true,\"valueName\":\"search_term_string\"}}],\"inLanguage\":\"es\"}]}<\/script>\n<!-- \/ Yoast SEO plugin. -->","yoast_head_json":{"title":"Works 1988-98 Aranda Pigem Vilalta Architects - RCR Arquitectes","robots":{"index":"index","follow":"follow","max-snippet":"max-snippet:-1","max-image-preview":"max-image-preview:large","max-video-preview":"max-video-preview:-1"},"canonical":"https:\/\/www.rcrarquitectes.es\/es\/products\/works-1988-98-aranda-pigem-vilalta-architects\/","og_locale":"es_ES","og_type":"article","og_title":"Works 1988-98 Aranda Pigem Vilalta Architects - RCR Arquitectes","og_description":"Fotograf\u00edas: Marc Checinski, RCR Arquitectes, Enric Roca, Eugeni Pons, Ferran Freixa, Pep Call\u00eds, Katsuhisa Kida, Hisao Suzuki Dise\u00f1o gr\u00e1fico: RCR Aranda Pigem Vilalta Arquitectes, Llotja de disseny Tapa: R\u00fastica Encuadernaci\u00f3n: R\u00fastica cosida y encolada Formato: 270 x 240 mm \u00a9 de la edici\u00f3n: Ciritoria y RCR Bunka Fundaci\u00f3n Privada \u00a9 de las fotograf\u00edas: sus autores","og_url":"https:\/\/www.rcrarquitectes.es\/es\/products\/works-1988-98-aranda-pigem-vilalta-architects\/","og_site_name":"RCR Arquitectes","article_modified_time":"2023-02-21T22:38:31+00:00","twitter_card":"summary_large_image","schema":{"@context":"https:\/\/schema.org","@graph":[{"@type":"WebPage","@id":"https:\/\/www.rcrarquitectes.es\/es\/products\/works-1988-98-aranda-pigem-vilalta-architects\/","url":"https:\/\/www.rcrarquitectes.es\/es\/products\/works-1988-98-aranda-pigem-vilalta-architects\/","name":"Works 1988-98 Aranda Pigem Vilalta Architects - RCR Arquitectes","isPartOf":{"@id":"https:\/\/www.rcrarquitectes.es\/#website"},"datePublished":"2022-10-06T13:45:40+00:00","dateModified":"2023-02-21T22:38:31+00:00","breadcrumb":{"@id":"https:\/\/www.rcrarquitectes.es\/es\/products\/works-1988-98-aranda-pigem-vilalta-architects\/#breadcrumb"},"inLanguage":"es","potentialAction":[{"@type":"ReadAction","target":["https:\/\/www.rcrarquitectes.es\/es\/products\/works-1988-98-aranda-pigem-vilalta-architects\/"]}]},{"@type":"BreadcrumbList","@id":"https:\/\/www.rcrarquitectes.es\/es\/products\/works-1988-98-aranda-pigem-vilalta-architects\/#breadcrumb","itemListElement":[{"@type":"ListItem","position":1,"name":"Productes","item":"https:\/\/www.rcrarquitectes.es\/products\/"},{"@type":"ListItem","position":2,"name":"Works 1988-98 Aranda Pigem Vilalta Architects"}]},{"@type":"WebSite","@id":"https:\/\/www.rcrarquitectes.es\/#website","url":"https:\/\/www.rcrarquitectes.es\/","name":"RCR Arquitectes","description":"El universo de la creatividad compartida","potentialAction":[{"@type":"SearchAction","target":{"@type":"EntryPoint","urlTemplate":"https:\/\/www.rcrarquitectes.es\/?s={search_term_string}"},"query-input":{"@type":"PropertyValueSpecification","valueRequired":true,"valueName":"search_term_string"}}],"inLanguage":"es"}]}},"_links":{"self":[{"href":"https:\/\/www.rcrarquitectes.es\/es\/wp-json\/wp\/v2\/products\/8090","targetHints":{"allow":["GET"]}}],"collection":[{"href":"https:\/\/www.rcrarquitectes.es\/es\/wp-json\/wp\/v2\/products"}],"about":[{"href":"https:\/\/www.rcrarquitectes.es\/es\/wp-json\/wp\/v2\/types\/products"}],"wp:attachment":[{"href":"https:\/\/www.rcrarquitectes.es\/es\/wp-json\/wp\/v2\/media?parent=8090"}],"wp:term":[{"taxonomy":"product_type","embeddable":true,"href":"https:\/\/www.rcrarquitectes.es\/es\/wp-json\/wp\/v2\/product_type?post=8090"}],"curies":[{"name":"wp","href":"https:\/\/api.w.org\/{rel}","templated":true}]}}

<p>Fotografías: Marc Checinski, RCR Arquitectes, Enric Roca, Eugeni Pons, Ferran Freixa, Pep Callís, Katsuhisa Kida, Hisao Suzuki<br />
Diseño gráfico: RCR Aranda Pigem Vilalta Arquitectes, Llotja de disseny</p>
<p>Tapa: Rústica<br />
Encuadernación: Rústica cosida y encolada<br />
Formato: 270 x 240 mm</p>
<p>© de la edición: Ciritoria y RCR Bunka Fundación Privada<br />
© de las fotografías: sus autores</p>

<!-- This site is optimized with the Yoast SEO plugin v27.4 - https://yoast.com/product/yoast-seo-wordpress/ -->
<title>Works 1988-98 Aranda Pigem Vilalta Architects - RCR Arquitectes</title>
<meta name="robots" content="index, follow, max-snippet:-1, max-image-preview:large, max-video-preview:-1" />
<link rel="canonical" href="https://www.rcrarquitectes.es/es/products/works-1988-98-aranda-pigem-vilalta-architects/" />
<meta property="og:locale" content="es_ES" />
<meta property="og:type" content="article" />
<meta property="og:title" content="Works 1988-98 Aranda Pigem Vilalta Architects - RCR Arquitectes" />
<meta property="og:description" content="Fotografías: Marc Checinski, RCR Arquitectes, Enric Roca, Eugeni Pons, Ferran Freixa, Pep Callís, Katsuhisa Kida, Hisao Suzuki Diseño gráfico: RCR Aranda Pigem Vilalta Arquitectes, Llotja de disseny Tapa: Rústica Encuadernación: Rústica cosida y encolada Formato: 270 x 240 mm © de la edición: Ciritoria y RCR Bunka Fundación Privada © de las fotografías: sus autores" />
<meta property="og:url" content="https://www.rcrarquitectes.es/es/products/works-1988-98-aranda-pigem-vilalta-architects/" />
<meta property="og:site_name" content="RCR Arquitectes" />
<meta property="article:modified_time" content="2023-02-21T22:38:31+00:00" />
<meta name="twitter:card" content="summary_large_image" />
<script type="application/ld+json" class="yoast-schema-graph">{"@context":"https:\/\/schema.org","@graph":[{"@type":"WebPage","@id":"https:\/\/www.rcrarquitectes.es\/es\/products\/works-1988-98-aranda-pigem-vilalta-architects\/","url":"https:\/\/www.rcrarquitectes.es\/es\/products\/works-1988-98-aranda-pigem-vilalta-architects\/","name":"Works 1988-98 Aranda Pigem Vilalta Architects - RCR Arquitectes","isPartOf":{"@id":"https:\/\/www.rcrarquitectes.es\/#website"},"datePublished":"2022-10-06T13:45:40+00:00","dateModified":"2023-02-21T22:38:31+00:00","breadcrumb":{"@id":"https:\/\/www.rcrarquitectes.es\/es\/products\/works-1988-98-aranda-pigem-vilalta-architects\/#breadcrumb"},"inLanguage":"es","potentialAction":[{"@type":"ReadAction","target":["https:\/\/www.rcrarquitectes.es\/es\/products\/works-1988-98-aranda-pigem-vilalta-architects\/"]}]},{"@type":"BreadcrumbList","@id":"https:\/\/www.rcrarquitectes.es\/es\/products\/works-1988-98-aranda-pigem-vilalta-architects\/#breadcrumb","itemListElement":[{"@type":"ListItem","position":1,"name":"Productes","item":"https:\/\/www.rcrarquitectes.es\/products\/"},{"@type":"ListItem","position":2,"name":"Works 1988-98 Aranda Pigem Vilalta Architects"}]},{"@type":"WebSite","@id":"https:\/\/www.rcrarquitectes.es\/#website","url":"https:\/\/www.rcrarquitectes.es\/","name":"RCR Arquitectes","description":"El universo de la creatividad compartida","potentialAction":[{"@type":"SearchAction","target":{"@type":"EntryPoint","urlTemplate":"https:\/\/www.rcrarquitectes.es\/?s={search_term_string}"},"query-input":{"@type":"PropertyValueSpecification","valueRequired":true,"valueName":"search_term_string"}}],"inLanguage":"es"}]}</script>
<!-- / Yoast SEO plugin. -->

Fotografías: Marc Checinski, RCR Arquitectes, Enric Roca, Eugeni Pons, Ferran Freixa, Pep Callís, Katsuhisa Kida, Hisao Suzuki Diseño gráfico: RCR Aranda Pigem Vilalta Arquitectes, Llotja de disseny Tapa: Rústica Encuadernación: Rústica cosida y encolada Formato: 270 x 240 mm © de la edición: Ciritoria y RCR Bunka Fundación Privada © de las fotografías: sus autores
