{"id":7861,"date":"2025-11-24T12:15:05","date_gmt":"2025-11-24T10:15:05","guid":{"rendered":"https:\/\/www.rcrarquitectes.es\/projects\/esfera-de-la-luz-puerto-de-palamos\/"},"modified":"2025-12-02T17:17:49","modified_gmt":"2025-12-02T15:17:49","slug":"esfera-de-la-luz-puerto-de-palamos","status":"publish","type":"projects","link":"https:\/\/www.rcrarquitectes.es\/es\/projects\/esfera-de-la-luz-puerto-de-palamos\/","title":{"rendered":"Esfera de la luz, puerto de Palam\u00f3s"},"content":{"rendered":"<p><strong>Esfera de la luz, puerto de Palam\u00f3s<\/strong><br \/>\nBaliza portuaria<\/p>\n<p>1r Premio concurso restringido 1996. Proyecto 1996-99. Obra 2000<br \/>\nGeneralidad de Catalu\u00f1a. Puertos de la Generalidad<\/p>\n","protected":false},"template":"","project_type":[116],"class_list":["post-7861","projects","type-projects","status-publish","hentry","project_type-deportes-y-actividades"],"acf":[],"yoast_head":"<!-- This site is optimized with the Yoast SEO plugin v27.5 - https:\/\/yoast.com\/product\/yoast-seo-wordpress\/ -->\n<title>Esfera de la luz, puerto de Palam\u00f3s - RCR Arquitectes<\/title>\n<meta name=\"robots\" content=\"index, follow, max-snippet:-1, max-image-preview:large, max-video-preview:-1\" \/>\n<link rel=\"canonical\" href=\"https:\/\/www.rcrarquitectes.es\/es\/projects\/esfera-de-la-luz-puerto-de-palamos\/\" \/>\n<meta property=\"og:locale\" content=\"es_ES\" \/>\n<meta property=\"og:type\" content=\"article\" \/>\n<meta property=\"og:title\" content=\"Esfera de la luz, puerto de Palam\u00f3s - RCR Arquitectes\" \/>\n<meta property=\"og:description\" content=\"Esfera de la luz, puerto de Palam\u00f3s Baliza portuaria 1r Premio concurso restringido 1996. Proyecto 1996-99. Obra 2000 Generalidad de Catalu\u00f1a. Puertos de la Generalidad\" \/>\n<meta property=\"og:url\" content=\"https:\/\/www.rcrarquitectes.es\/es\/projects\/esfera-de-la-luz-puerto-de-palamos\/\" \/>\n<meta property=\"og:site_name\" content=\"RCR Arquitectes\" \/>\n<meta property=\"article:modified_time\" content=\"2025-12-02T15:17:49+00:00\" \/>\n<meta name=\"twitter:card\" content=\"summary_large_image\" \/>\n<meta name=\"twitter:label1\" content=\"Tiempo de lectura\" \/>\n\t<meta name=\"twitter:data1\" content=\"1 minuto\" \/>\n<script type=\"application\/ld+json\" class=\"yoast-schema-graph\">{\"@context\":\"https:\\\/\\\/schema.org\",\"@graph\":[{\"@type\":\"WebPage\",\"@id\":\"https:\\\/\\\/www.rcrarquitectes.es\\\/es\\\/projects\\\/esfera-de-la-luz-puerto-de-palamos\\\/\",\"url\":\"https:\\\/\\\/www.rcrarquitectes.es\\\/es\\\/projects\\\/esfera-de-la-luz-puerto-de-palamos\\\/\",\"name\":\"Esfera de la luz, puerto de Palam\u00f3s - RCR Arquitectes\",\"isPartOf\":{\"@id\":\"https:\\\/\\\/www.rcrarquitectes.es\\\/#website\"},\"datePublished\":\"2025-11-24T10:15:05+00:00\",\"dateModified\":\"2025-12-02T15:17:49+00:00\",\"inLanguage\":\"es\",\"potentialAction\":[{\"@type\":\"ReadAction\",\"target\":[\"https:\\\/\\\/www.rcrarquitectes.es\\\/es\\\/projects\\\/esfera-de-la-luz-puerto-de-palamos\\\/\"]}]},{\"@type\":\"WebSite\",\"@id\":\"https:\\\/\\\/www.rcrarquitectes.es\\\/#website\",\"url\":\"https:\\\/\\\/www.rcrarquitectes.es\\\/\",\"name\":\"RCR Arquitectes\",\"description\":\"El universo de la creatividad compartida\",\"potentialAction\":[{\"@type\":\"SearchAction\",\"target\":{\"@type\":\"EntryPoint\",\"urlTemplate\":\"https:\\\/\\\/www.rcrarquitectes.es\\\/?s={search_term_string}\"},\"query-input\":{\"@type\":\"PropertyValueSpecification\",\"valueRequired\":true,\"valueName\":\"search_term_string\"}}],\"inLanguage\":\"es\"}]}<\/script>\n<!-- \/ Yoast SEO plugin. -->","yoast_head_json":{"title":"Esfera de la luz, puerto de Palam\u00f3s - RCR Arquitectes","robots":{"index":"index","follow":"follow","max-snippet":"max-snippet:-1","max-image-preview":"max-image-preview:large","max-video-preview":"max-video-preview:-1"},"canonical":"https:\/\/www.rcrarquitectes.es\/es\/projects\/esfera-de-la-luz-puerto-de-palamos\/","og_locale":"es_ES","og_type":"article","og_title":"Esfera de la luz, puerto de Palam\u00f3s - RCR Arquitectes","og_description":"Esfera de la luz, puerto de Palam\u00f3s Baliza portuaria 1r Premio concurso restringido 1996. Proyecto 1996-99. Obra 2000 Generalidad de Catalu\u00f1a. Puertos de la Generalidad","og_url":"https:\/\/www.rcrarquitectes.es\/es\/projects\/esfera-de-la-luz-puerto-de-palamos\/","og_site_name":"RCR Arquitectes","article_modified_time":"2025-12-02T15:17:49+00:00","twitter_card":"summary_large_image","twitter_misc":{"Tiempo de lectura":"1 minuto"},"schema":{"@context":"https:\/\/schema.org","@graph":[{"@type":"WebPage","@id":"https:\/\/www.rcrarquitectes.es\/es\/projects\/esfera-de-la-luz-puerto-de-palamos\/","url":"https:\/\/www.rcrarquitectes.es\/es\/projects\/esfera-de-la-luz-puerto-de-palamos\/","name":"Esfera de la luz, puerto de Palam\u00f3s - RCR Arquitectes","isPartOf":{"@id":"https:\/\/www.rcrarquitectes.es\/#website"},"datePublished":"2025-11-24T10:15:05+00:00","dateModified":"2025-12-02T15:17:49+00:00","inLanguage":"es","potentialAction":[{"@type":"ReadAction","target":["https:\/\/www.rcrarquitectes.es\/es\/projects\/esfera-de-la-luz-puerto-de-palamos\/"]}]},{"@type":"WebSite","@id":"https:\/\/www.rcrarquitectes.es\/#website","url":"https:\/\/www.rcrarquitectes.es\/","name":"RCR Arquitectes","description":"El universo de la creatividad compartida","potentialAction":[{"@type":"SearchAction","target":{"@type":"EntryPoint","urlTemplate":"https:\/\/www.rcrarquitectes.es\/?s={search_term_string}"},"query-input":{"@type":"PropertyValueSpecification","valueRequired":true,"valueName":"search_term_string"}}],"inLanguage":"es"}]}},"_links":{"self":[{"href":"https:\/\/www.rcrarquitectes.es\/es\/wp-json\/wp\/v2\/projects\/7861","targetHints":{"allow":["GET"]}}],"collection":[{"href":"https:\/\/www.rcrarquitectes.es\/es\/wp-json\/wp\/v2\/projects"}],"about":[{"href":"https:\/\/www.rcrarquitectes.es\/es\/wp-json\/wp\/v2\/types\/projects"}],"wp:attachment":[{"href":"https:\/\/www.rcrarquitectes.es\/es\/wp-json\/wp\/v2\/media?parent=7861"}],"wp:term":[{"taxonomy":"project_type","embeddable":true,"href":"https:\/\/www.rcrarquitectes.es\/es\/wp-json\/wp\/v2\/project_type?post=7861"}],"curies":[{"name":"wp","href":"https:\/\/api.w.org\/{rel}","templated":true}]}}

Esfera de la luz, puerto de Palamós

<p><strong>Esfera de la luz, puerto de Palamós</strong><br />
Baliza portuaria</p>
<p>1r Premio concurso restringido 1996. Proyecto 1996-99. Obra 2000<br />
Generalidad de Cataluña. Puertos de la Generalidad</p>

<!-- This site is optimized with the Yoast SEO plugin v27.5 - https://yoast.com/product/yoast-seo-wordpress/ -->
<title>Esfera de la luz, puerto de Palamós - RCR Arquitectes</title>
<meta name="robots" content="index, follow, max-snippet:-1, max-image-preview:large, max-video-preview:-1" />
<link rel="canonical" href="https://www.rcrarquitectes.es/es/projects/esfera-de-la-luz-puerto-de-palamos/" />
<meta property="og:locale" content="es_ES" />
<meta property="og:type" content="article" />
<meta property="og:title" content="Esfera de la luz, puerto de Palamós - RCR Arquitectes" />
<meta property="og:description" content="Esfera de la luz, puerto de Palamós Baliza portuaria 1r Premio concurso restringido 1996. Proyecto 1996-99. Obra 2000 Generalidad de Cataluña. Puertos de la Generalidad" />
<meta property="og:url" content="https://www.rcrarquitectes.es/es/projects/esfera-de-la-luz-puerto-de-palamos/" />
<meta property="og:site_name" content="RCR Arquitectes" />
<meta property="article:modified_time" content="2025-12-02T15:17:49+00:00" />
<meta name="twitter:card" content="summary_large_image" />
<meta name="twitter:label1" content="Tiempo de lectura" />
	<meta name="twitter:data1" content="1 minuto" />
<script type="application/ld+json" class="yoast-schema-graph">{"@context":"https:\/\/schema.org","@graph":[{"@type":"WebPage","@id":"https:\/\/www.rcrarquitectes.es\/es\/projects\/esfera-de-la-luz-puerto-de-palamos\/","url":"https:\/\/www.rcrarquitectes.es\/es\/projects\/esfera-de-la-luz-puerto-de-palamos\/","name":"Esfera de la luz, puerto de Palamós - RCR Arquitectes","isPartOf":{"@id":"https:\/\/www.rcrarquitectes.es\/#website"},"datePublished":"2025-11-24T10:15:05+00:00","dateModified":"2025-12-02T15:17:49+00:00","inLanguage":"es","potentialAction":[{"@type":"ReadAction","target":["https:\/\/www.rcrarquitectes.es\/es\/projects\/esfera-de-la-luz-puerto-de-palamos\/"]}]},{"@type":"WebSite","@id":"https:\/\/www.rcrarquitectes.es\/#website","url":"https:\/\/www.rcrarquitectes.es\/","name":"RCR Arquitectes","description":"El universo de la creatividad compartida","potentialAction":[{"@type":"SearchAction","target":{"@type":"EntryPoint","urlTemplate":"https:\/\/www.rcrarquitectes.es\/?s={search_term_string}"},"query-input":{"@type":"PropertyValueSpecification","valueRequired":true,"valueName":"search_term_string"}}],"inLanguage":"es"}]}</script>
<!-- / Yoast SEO plugin. -->

Esfera de la luz, puerto de Palamós - RCR Arquitectes

Esfera de la luz, puerto de Palamós Baliza portuaria 1r Premio concurso restringido 1996. Proyecto 1996-99. Obra 2000 Generalidad de Cataluña. Puertos de la Generalidad
