{"id":8183,"date":"2022-10-07T18:05:10","date_gmt":"2022-10-07T16:05:10","guid":{"rendered":"https:\/\/www.rcrarquitectes.es\/visits\/ruta-al-pabellon-del-bano-tossols-basil\/"},"modified":"2025-09-02T19:58:59","modified_gmt":"2025-09-02T17:58:59","slug":"ruta-al-pabellon-del-bano-tossols-basil","status":"publish","type":"visits","link":"https:\/\/www.rcrarquitectes.es\/es\/visits\/ruta-al-pabellon-del-bano-tossols-basil\/","title":{"rendered":"Ruta al Pabell\u00f3n del ba\u00f1o Tossols Basil"},"content":{"rendered":"<p>Equipamiento fluvial de servicio<br \/>\nProyecto 1995. Obra 1998<br \/>\nAyuntamiento de Olot \/ Parque Natural de la Zona Volc\u00e1nica de la Garrotxa<br \/>\n50 m\u00b2<\/p>\n<p>El r\u00edo fluye, la ribera le acompa\u00f1a y los arroyos desembocan. Fluir desde el platanar; acompa\u00f1ar desde la ribera y desembocar desde la ladera, son los motivos que deciden la voluntad de ser del pabell\u00f3n. Una voluntad intr\u00ednseca que no puede ser otra que la materializaci\u00f3n proporcionada y coherente de una idea.<\/p>\n<p><strong>Duraci\u00f3n:<\/strong>\u00a01 hora<br \/>\n<strong>Idiomas:<\/strong>\u00a0Catal\u00e1n, castellano o ingl\u00e9s<br \/>\n<strong>Visitas:<\/strong> con cita previa reserva a trav\u00e9s del formulario.<\/p>\n<p><strong data-start=\"48\" data-end=\"64\">Condiciones:<\/strong> En grupos, no hay limitaci\u00f3n de visitantes.<\/p>\n<p><strong>Transparencia:<\/strong>\u00a0La donaci\u00f3n a la Fundaci\u00f3n es una contribuci\u00f3n a las actividades que desarrolla, desde publicaciones, exposiciones, charlas o talleres, as\u00ed como a sus propias visitas. La Fundaci\u00f3n extiende, si as\u00ed se solicita, un\u00a0<strong>certificado de donaci\u00f3n<\/strong>.<\/p>\n","protected":false},"featured_media":0,"template":"","visit_type":[85],"class_list":["post-8183","visits","type-visits","status-publish","hentry","visit_type-visitas-guiadas"],"acf":[],"yoast_head":"<!-- This site is optimized with the Yoast SEO plugin v27.5 - https:\/\/yoast.com\/product\/yoast-seo-wordpress\/ -->\n<title>Ruta al Pabell\u00f3n del ba\u00f1o Tossols Basil - RCR Arquitectes<\/title>\n<meta name=\"robots\" content=\"index, follow, max-snippet:-1, max-image-preview:large, max-video-preview:-1\" \/>\n<link rel=\"canonical\" href=\"https:\/\/www.rcrarquitectes.es\/es\/visits\/ruta-al-pabellon-del-bano-tossols-basil\/\" \/>\n<meta property=\"og:locale\" content=\"es_ES\" \/>\n<meta property=\"og:type\" content=\"article\" \/>\n<meta property=\"og:title\" content=\"Ruta al Pabell\u00f3n del ba\u00f1o Tossols Basil - RCR Arquitectes\" \/>\n<meta property=\"og:description\" content=\"Equipamiento fluvial de servicio Proyecto 1995. Obra 1998 Ayuntamiento de Olot \/ Parque Natural de la Zona Volc\u00e1nica de la Garrotxa 50 m\u00b2 El r\u00edo fluye, la ribera le acompa\u00f1a y los arroyos desembocan. Fluir desde el platanar; acompa\u00f1ar desde la ribera y desembocar desde la ladera, son los motivos que deciden la voluntad de [&hellip;]\" \/>\n<meta property=\"og:url\" content=\"https:\/\/www.rcrarquitectes.es\/es\/visits\/ruta-al-pabellon-del-bano-tossols-basil\/\" \/>\n<meta property=\"og:site_name\" content=\"RCR Arquitectes\" \/>\n<meta property=\"article:modified_time\" content=\"2025-09-02T17:58:59+00:00\" \/>\n<meta name=\"twitter:card\" content=\"summary_large_image\" \/>\n<meta name=\"twitter:label1\" content=\"Tiempo de lectura\" \/>\n\t<meta name=\"twitter:data1\" content=\"1 minuto\" \/>\n<script type=\"application\/ld+json\" class=\"yoast-schema-graph\">{\"@context\":\"https:\\\/\\\/schema.org\",\"@graph\":[{\"@type\":\"WebPage\",\"@id\":\"https:\\\/\\\/www.rcrarquitectes.es\\\/es\\\/visits\\\/ruta-al-pabellon-del-bano-tossols-basil\\\/\",\"url\":\"https:\\\/\\\/www.rcrarquitectes.es\\\/es\\\/visits\\\/ruta-al-pabellon-del-bano-tossols-basil\\\/\",\"name\":\"Ruta al Pabell\u00f3n del ba\u00f1o Tossols Basil - RCR Arquitectes\",\"isPartOf\":{\"@id\":\"https:\\\/\\\/www.rcrarquitectes.es\\\/#website\"},\"datePublished\":\"2022-10-07T16:05:10+00:00\",\"dateModified\":\"2025-09-02T17:58:59+00:00\",\"breadcrumb\":{\"@id\":\"https:\\\/\\\/www.rcrarquitectes.es\\\/es\\\/visits\\\/ruta-al-pabellon-del-bano-tossols-basil\\\/#breadcrumb\"},\"inLanguage\":\"es\",\"potentialAction\":[{\"@type\":\"ReadAction\",\"target\":[\"https:\\\/\\\/www.rcrarquitectes.es\\\/es\\\/visits\\\/ruta-al-pabellon-del-bano-tossols-basil\\\/\"]}]},{\"@type\":\"BreadcrumbList\",\"@id\":\"https:\\\/\\\/www.rcrarquitectes.es\\\/es\\\/visits\\\/ruta-al-pabellon-del-bano-tossols-basil\\\/#breadcrumb\",\"itemListElement\":[{\"@type\":\"ListItem\",\"position\":1,\"name\":\"Visites i estades\",\"item\":\"https:\\\/\\\/www.rcrarquitectes.es\\\/visits\\\/\"},{\"@type\":\"ListItem\",\"position\":2,\"name\":\"Ruta al Pabell\u00f3n del ba\u00f1o Tossols Basil\"}]},{\"@type\":\"WebSite\",\"@id\":\"https:\\\/\\\/www.rcrarquitectes.es\\\/#website\",\"url\":\"https:\\\/\\\/www.rcrarquitectes.es\\\/\",\"name\":\"RCR Arquitectes\",\"description\":\"El universo de la creatividad compartida\",\"potentialAction\":[{\"@type\":\"SearchAction\",\"target\":{\"@type\":\"EntryPoint\",\"urlTemplate\":\"https:\\\/\\\/www.rcrarquitectes.es\\\/?s={search_term_string}\"},\"query-input\":{\"@type\":\"PropertyValueSpecification\",\"valueRequired\":true,\"valueName\":\"search_term_string\"}}],\"inLanguage\":\"es\"}]}<\/script>\n<!-- \/ Yoast SEO plugin. -->","yoast_head_json":{"title":"Ruta al Pabell\u00f3n del ba\u00f1o Tossols Basil - RCR Arquitectes","robots":{"index":"index","follow":"follow","max-snippet":"max-snippet:-1","max-image-preview":"max-image-preview:large","max-video-preview":"max-video-preview:-1"},"canonical":"https:\/\/www.rcrarquitectes.es\/es\/visits\/ruta-al-pabellon-del-bano-tossols-basil\/","og_locale":"es_ES","og_type":"article","og_title":"Ruta al Pabell\u00f3n del ba\u00f1o Tossols Basil - RCR Arquitectes","og_description":"Equipamiento fluvial de servicio Proyecto 1995. Obra 1998 Ayuntamiento de Olot \/ Parque Natural de la Zona Volc\u00e1nica de la Garrotxa 50 m\u00b2 El r\u00edo fluye, la ribera le acompa\u00f1a y los arroyos desembocan. Fluir desde el platanar; acompa\u00f1ar desde la ribera y desembocar desde la ladera, son los motivos que deciden la voluntad de [&hellip;]","og_url":"https:\/\/www.rcrarquitectes.es\/es\/visits\/ruta-al-pabellon-del-bano-tossols-basil\/","og_site_name":"RCR Arquitectes","article_modified_time":"2025-09-02T17:58:59+00:00","twitter_card":"summary_large_image","twitter_misc":{"Tiempo de lectura":"1 minuto"},"schema":{"@context":"https:\/\/schema.org","@graph":[{"@type":"WebPage","@id":"https:\/\/www.rcrarquitectes.es\/es\/visits\/ruta-al-pabellon-del-bano-tossols-basil\/","url":"https:\/\/www.rcrarquitectes.es\/es\/visits\/ruta-al-pabellon-del-bano-tossols-basil\/","name":"Ruta al Pabell\u00f3n del ba\u00f1o Tossols Basil - RCR Arquitectes","isPartOf":{"@id":"https:\/\/www.rcrarquitectes.es\/#website"},"datePublished":"2022-10-07T16:05:10+00:00","dateModified":"2025-09-02T17:58:59+00:00","breadcrumb":{"@id":"https:\/\/www.rcrarquitectes.es\/es\/visits\/ruta-al-pabellon-del-bano-tossols-basil\/#breadcrumb"},"inLanguage":"es","potentialAction":[{"@type":"ReadAction","target":["https:\/\/www.rcrarquitectes.es\/es\/visits\/ruta-al-pabellon-del-bano-tossols-basil\/"]}]},{"@type":"BreadcrumbList","@id":"https:\/\/www.rcrarquitectes.es\/es\/visits\/ruta-al-pabellon-del-bano-tossols-basil\/#breadcrumb","itemListElement":[{"@type":"ListItem","position":1,"name":"Visites i estades","item":"https:\/\/www.rcrarquitectes.es\/visits\/"},{"@type":"ListItem","position":2,"name":"Ruta al Pabell\u00f3n del ba\u00f1o Tossols Basil"}]},{"@type":"WebSite","@id":"https:\/\/www.rcrarquitectes.es\/#website","url":"https:\/\/www.rcrarquitectes.es\/","name":"RCR Arquitectes","description":"El universo de la creatividad compartida","potentialAction":[{"@type":"SearchAction","target":{"@type":"EntryPoint","urlTemplate":"https:\/\/www.rcrarquitectes.es\/?s={search_term_string}"},"query-input":{"@type":"PropertyValueSpecification","valueRequired":true,"valueName":"search_term_string"}}],"inLanguage":"es"}]}},"_links":{"self":[{"href":"https:\/\/www.rcrarquitectes.es\/es\/wp-json\/wp\/v2\/visits\/8183","targetHints":{"allow":["GET"]}}],"collection":[{"href":"https:\/\/www.rcrarquitectes.es\/es\/wp-json\/wp\/v2\/visits"}],"about":[{"href":"https:\/\/www.rcrarquitectes.es\/es\/wp-json\/wp\/v2\/types\/visits"}],"wp:attachment":[{"href":"https:\/\/www.rcrarquitectes.es\/es\/wp-json\/wp\/v2\/media?parent=8183"}],"wp:term":[{"taxonomy":"visit_type","embeddable":true,"href":"https:\/\/www.rcrarquitectes.es\/es\/wp-json\/wp\/v2\/visit_type?post=8183"}],"curies":[{"name":"wp","href":"https:\/\/api.w.org\/{rel}","templated":true}]}}

Ruta al Pabellón del baño Tossols Basil

<p>Equipamiento fluvial de servicio<br />
Proyecto 1995. Obra 1998<br />
Ayuntamiento de Olot / Parque Natural de la Zona Volcánica de la Garrotxa<br />
50 m²</p>
<p>El río fluye, la ribera le acompaña y los arroyos desembocan. Fluir desde el platanar; acompañar desde la ribera y desembocar desde la ladera, son los motivos que deciden la voluntad de ser del pabellón. Una voluntad intrínseca que no puede ser otra que la materialización proporcionada y coherente de una idea.</p>
<p><strong>Duración:</strong> 1 hora<br />
<strong>Idiomas:</strong> Catalán, castellano o inglés<br />
<strong>Visitas:</strong> con cita previa reserva a través del formulario.</p>
<p><strong data-start="48" data-end="64">Condiciones:</strong> En grupos, no hay limitación de visitantes.</p>
<p><strong>Transparencia:</strong> La donación a la Fundación es una contribución a las actividades que desarrolla, desde publicaciones, exposiciones, charlas o talleres, así como a sus propias visitas. La Fundación extiende, si así se solicita, un <strong>certificado de donación</strong>.</p>

<!-- This site is optimized with the Yoast SEO plugin v27.5 - https://yoast.com/product/yoast-seo-wordpress/ -->
<title>Ruta al Pabellón del baño Tossols Basil - RCR Arquitectes</title>
<meta name="robots" content="index, follow, max-snippet:-1, max-image-preview:large, max-video-preview:-1" />
<link rel="canonical" href="https://www.rcrarquitectes.es/es/visits/ruta-al-pabellon-del-bano-tossols-basil/" />
<meta property="og:locale" content="es_ES" />
<meta property="og:type" content="article" />
<meta property="og:title" content="Ruta al Pabellón del baño Tossols Basil - RCR Arquitectes" />
<meta property="og:description" content="Equipamiento fluvial de servicio Proyecto 1995. Obra 1998 Ayuntamiento de Olot / Parque Natural de la Zona Volcánica de la Garrotxa 50 m² El río fluye, la ribera le acompaña y los arroyos desembocan. Fluir desde el platanar; acompañar desde la ribera y desembocar desde la ladera, son los motivos que deciden la voluntad de [&hellip;]" />
<meta property="og:url" content="https://www.rcrarquitectes.es/es/visits/ruta-al-pabellon-del-bano-tossols-basil/" />
<meta property="og:site_name" content="RCR Arquitectes" />
<meta property="article:modified_time" content="2025-09-02T17:58:59+00:00" />
<meta name="twitter:card" content="summary_large_image" />
<meta name="twitter:label1" content="Tiempo de lectura" />
	<meta name="twitter:data1" content="1 minuto" />
<script type="application/ld+json" class="yoast-schema-graph">{"@context":"https:\/\/schema.org","@graph":[{"@type":"WebPage","@id":"https:\/\/www.rcrarquitectes.es\/es\/visits\/ruta-al-pabellon-del-bano-tossols-basil\/","url":"https:\/\/www.rcrarquitectes.es\/es\/visits\/ruta-al-pabellon-del-bano-tossols-basil\/","name":"Ruta al Pabellón del baño Tossols Basil - RCR Arquitectes","isPartOf":{"@id":"https:\/\/www.rcrarquitectes.es\/#website"},"datePublished":"2022-10-07T16:05:10+00:00","dateModified":"2025-09-02T17:58:59+00:00","breadcrumb":{"@id":"https:\/\/www.rcrarquitectes.es\/es\/visits\/ruta-al-pabellon-del-bano-tossols-basil\/#breadcrumb"},"inLanguage":"es","potentialAction":[{"@type":"ReadAction","target":["https:\/\/www.rcrarquitectes.es\/es\/visits\/ruta-al-pabellon-del-bano-tossols-basil\/"]}]},{"@type":"BreadcrumbList","@id":"https:\/\/www.rcrarquitectes.es\/es\/visits\/ruta-al-pabellon-del-bano-tossols-basil\/#breadcrumb","itemListElement":[{"@type":"ListItem","position":1,"name":"Visites i estades","item":"https:\/\/www.rcrarquitectes.es\/visits\/"},{"@type":"ListItem","position":2,"name":"Ruta al Pabellón del baño Tossols Basil"}]},{"@type":"WebSite","@id":"https:\/\/www.rcrarquitectes.es\/#website","url":"https:\/\/www.rcrarquitectes.es\/","name":"RCR Arquitectes","description":"El universo de la creatividad compartida","potentialAction":[{"@type":"SearchAction","target":{"@type":"EntryPoint","urlTemplate":"https:\/\/www.rcrarquitectes.es\/?s={search_term_string}"},"query-input":{"@type":"PropertyValueSpecification","valueRequired":true,"valueName":"search_term_string"}}],"inLanguage":"es"}]}</script>
<!-- / Yoast SEO plugin. -->

Ruta al Pabellón del baño Tossols Basil - RCR Arquitectes

Equipamiento fluvial de servicio Proyecto 1995. Obra 1998 Ayuntamiento de Olot / Parque Natural de la Zona Volcánica de la Garrotxa 50 m² El río fluye, la ribera le acompaña y los arroyos desembocan. Fluir desde el platanar; acompañar desde la ribera y desembocar desde la ladera, son los motivos que deciden la voluntad de [&hellip;]
